{"id":10,"date":"2012-03-09T18:47:37","date_gmt":"2012-03-09T18:47:37","guid":{"rendered":"http:\/\/public-health-kompakt.frappant.ch\/?page_id=10"},"modified":"2026-04-02T11:49:06","modified_gmt":"2026-04-02T11:49:06","slug":"infos-zum-buch-2","status":"publish","type":"page","link":"https:\/\/www.public-health-kompakt.ch\/","title":{"rendered":"Informationen zum Lehrbuch PUBLIC HEALTH KOMPAKT"},"content":{"rendered":"\n<div class=\"wp-block-columns is-layout-flex wp-container-core-columns-is-layout-28f84493 wp-block-columns-is-layout-flex\">\n<div class=\"wp-block-column is-layout-flow wp-block-column-is-layout-flow\" style=\"flex-basis:33.33%\">\n<div style=\"height:40px\" aria-hidden=\"true\" class=\"wp-block-spacer\"><\/div>\n\n\n\n<figure class=\"wp-block-image size-full\"><img loading=\"lazy\" decoding=\"async\" width=\"604\" height=\"856\" src=\"https:\/\/www.public-health-kompakt.ch\/wp-content\/uploads\/2025\/12\/Cover.jpg\" alt=\"\" class=\"wp-image-6091\" srcset=\"https:\/\/www.public-health-kompakt.ch\/wp-content\/uploads\/2025\/12\/Cover.jpg 604w, https:\/\/www.public-health-kompakt.ch\/wp-content\/uploads\/2025\/12\/Cover-212x300.jpg 212w\" sizes=\"auto, (max-width: 604px) 100vw, 604px\" \/><\/figure>\n<\/div>\n\n\n\n<div class=\"wp-block-column is-layout-flow wp-block-column-is-layout-flow\" style=\"flex-basis:66.66%\">\n<p><\/p>\n\n\n\n<ul class=\"wp-block-list\">\n<li>Relevantes Basiswissen, leicht verst\u00e4ndlich, ansprechend gestaltet, mit zahlreichen Abbildungen und Tabellen<\/li>\n\n\n\n<li>Zus\u00e4tzliche Materialien auf aktueller Homepage <a href=\"http:\/\/www.public-health-kompakt.de\">www.public-health-kompakt.de<\/a><\/li>\n\n\n\n<li>Zielgruppe: Studierende von Public-Health-und Humanmedizin-Studieng\u00e4ngen, der Gesundheits\u00f6konomie und -psychologie, Pflege-, Gesundheits-, Versorgungs- und Bev\u00f6lkerungswissenschaften<\/li>\n\n\n\n<li>5. vollst\u00e4ndig aktualisierte und erweiterte Auflage (erschienen 20. Oktober 2025)<\/li>\n\n\n\n<li>Deckt alle Public-Health-Inhalte im <em>Nationalen Kompetenzbasierten Lernzielkatalog Medizin <\/em>(NKLM) ab.<\/li>\n\n\n\n<li>Umfang: 474 Seiten<\/li>\n\n\n\n<li>Verlag De Gruyter, Berlin<\/li>\n\n\n\n<li>Paperback ISBN: 9783111318974; eBook ISBN: 9783111320434<\/li>\n\n\n\n<li>Preis: 65 \u20ac (Paperback)<\/li>\n<\/ul>\n\n\n\n<p class=\"has-text-align-left\"><strong>Zu bestellen direkt beim <\/strong><a href=\"https:\/\/www.degruyterbrill.com\/document\/doi\/10.1515\/9783111320434\/html\">Verlag De Gruyter Brill<\/a><strong> <\/strong><strong>oder im (online) <\/strong><strong>Buchhandel<\/strong><\/p>\n<\/div>\n<\/div>\n\n\n\n<h3 class=\"wp-block-heading\">Die 5. Auflage (2025)<\/h3>\n\n\n\n<p>Die 5., vollst\u00e4ndig \u00fcberarbeitete Auflage des praxisorientierten Lehrbuchs&nbsp;<em>Public Health Kompakt<\/em>&nbsp;bietet Studierenden einen leicht verst\u00e4ndlichen Einstieg in die zentralen Themen der Gesundheit aus Bev\u00f6lkerungsperspektive.<\/p>\n\n\n\n<p>Renommierte Autor:innen aus Deutschland, \u00d6sterreich und der Schweiz vermitteln grundlegende Begriffe und Konzepte sowie Basiswissen in den Bereichen&nbsp;<em>Epidemiologie<\/em>&nbsp;,&nbsp;<em>Biostatistik<\/em>&nbsp;,&nbsp;<em>Gesundheitsf\u00f6rderung und Pr\u00e4vention<\/em>&nbsp;,&nbsp;<em>Gesundheits\u00f6konomie<\/em>&nbsp;und&nbsp;<em>Gesundheitssysteme<\/em>&nbsp;. Dar\u00fcber hinaus behandelt die neue Auflage eine Reihe aktueller Themen etwa die gesundheitlichen Folgen des Klimawandels, die&nbsp;<em>Non-Communicable Diseases<\/em>&nbsp;(NCDs) oder innovative Ans\u00e4tze wie&nbsp;<em>Precision Public Health<\/em>&nbsp;, die auf Big Data und K\u00fcnstlicher Intelligenz basieren. Auch ethische Fragestellungen, globale Gesundheitsfragen und Versorgungsungleichheiten werden thematisiert. Mehrere Inhalte wurden neu aufgenommen oder umfassend \u00fcberarbeitet, darunter die Abschnitte zu&nbsp;<em>Public Mental Health<\/em>&nbsp;,&nbsp;<em>Arbeit und Gesundheit<\/em>&nbsp;sowie zur&nbsp;<em>Life Course Epidemiology<\/em>&nbsp;. Zahlreiche Abbildungen veranschaulichen wichtige Zusammenh\u00e4nge und eine sorgf\u00e4ltige redaktionelle Bearbeitung sorgt f\u00fcr klare, einheitliche Texte.<\/p>\n\n\n\n<p>Das Lehrbuch erm\u00f6glicht Studierenden, sich effizient und gezielt auf Pr\u00fcfungen im Bereich Public Health vorzubereiten.<\/p>\n\n\n\n<h3 class=\"wp-block-heading\">Die Herausgeber\/-innen des Lehrbuchs<\/h3>\n\n\n\n<figure class=\"wp-block-image aligncenter\"><img loading=\"lazy\" decoding=\"async\" width=\"300\" height=\"253\" src=\"https:\/\/www.public-health-kompakt.ch\/wp-content\/uploads\/2021\/03\/2019-06-28-15.45.50-300x253.jpg\" alt=\"\" class=\"wp-image-4310\" srcset=\"https:\/\/www.public-health-kompakt.ch\/wp-content\/uploads\/2021\/03\/2019-06-28-15.45.50-300x253.jpg 300w, https:\/\/www.public-health-kompakt.ch\/wp-content\/uploads\/2021\/03\/2019-06-28-15.45.50-1024x864.jpg 1024w, https:\/\/www.public-health-kompakt.ch\/wp-content\/uploads\/2021\/03\/2019-06-28-15.45.50-768x648.jpg 768w, https:\/\/www.public-health-kompakt.ch\/wp-content\/uploads\/2021\/03\/2019-06-28-15.45.50-150x127.jpg 150w, https:\/\/www.public-health-kompakt.ch\/wp-content\/uploads\/2021\/03\/2019-06-28-15.45.50-400x338.jpg 400w, https:\/\/www.public-health-kompakt.ch\/wp-content\/uploads\/2021\/03\/2019-06-28-15.45.50.jpg 1225w\" sizes=\"auto, (max-width: 300px) 100vw, 300px\" \/><\/figure>\n\n\n\n<p class=\"has-text-align-center\">Die Herausgeber\/-innen des Lehrbuchs <em>Public Health kompakt (<\/em>von re. nach li.): Prof. Dr. Oliver Razum, Universit\u00e4t Bielefeld [D] Prof. Dr. Anita Rieder, MedUni Wien [A], Prof. Dr. Matthias Egger, Universit\u00e4t Bern [CH].<\/p>\n\n\n\n<p class=\"has-text-align-left\"><strong>Prof. Dr. med. Matthias Egger:<\/strong>&nbsp;Medizinstudium, Promotion und Habilitation an der Universit\u00e4t Bern. Forschungsaufenthalte am University College London, und an Universit\u00e4ten in Glasgow, Minnesota und Bristol. Direktor des ISPM Bern (2002-2017), Pr\u00e4sident des Schweizerischen Nationalfonds (2018-2024).<\/p>\n\n\n\n<p><strong>Prof. Dr. med. Oliver Razum:<\/strong>&nbsp;Medizinstudium, Promotion und Habilitation an der Universit\u00e4t Heidelberg. Seit 2004 Leiter der Abteilung Epidemiologie und International Public Health an der Fakult\u00e4t f\u00fcr Gesundheitswissenschaften der Universit\u00e4t Bielefeld. Dekan der Fakult\u00e4t (2012-2022).<\/p>\n\n\n\n<p class=\"has-text-align-left\"><strong>Prof. Dr. med. Anita Rieder:<\/strong>&nbsp;Medizinstudium, Habilitation f\u00fcr Sozialmedizin 1997 und Professur seit 2000 an der Medizinischen Fakult\u00e4t der Universit\u00e4t Wien (heute Medizinische Universit\u00e4t Wien), Leiterin Zentrum f\u00fcr Public Health an der Medizinischen Universit\u00e4t Wien seit 2012, Vizerektorin f\u00fcr Lehre seit 2015<\/p>\n\n\n\n<h3 class=\"wp-block-heading\">Warum eine Homepage zum Lehrbuch?<\/h3>\n\n\n\n<p>Es war unser Ziel \u2013 entsprechend dem Titel \u2013 ein kompaktes Lehrbuch f\u00fcr Studierende zu schreiben, das die relevanten Inhalte des Fachs auf relativ engem Raum zusammentr\u00e4gt. Da es sich bei Public Health um ein multidisziplin\u00e4res Fach handelt, war es gar nicht so einfach, sich hier auf das wirklich Wesentliche zu beschr\u00e4nken. Um Sie, die Studierenden und LeserInnen des Lehrbuchs trotzdem mit vielen wichtigen Zusatzinformationen zu versorgen, haben wir diese Homepage zum Buch aufgebaut.<\/p>\n\n\n\n<p>Hier finden Sie vor allem<\/p>\n\n\n\n<ul class=\"wp-block-list\">\n<li>die Literaturquellen, auf denen die Texte unseres Lehrbuchs basieren<\/li>\n\n\n\n<li>Hinweise auf zu empfehlende Vertiefungsliteratur<\/li>\n\n\n\n<li>zus\u00e4tzliche Abbildungen, Formeln, Tabellen und Boxen<\/li>\n\n\n\n<li>zus\u00e4tzliche Audio- und Video-Materialien<\/li>\n\n\n\n<li>zahlreiche aktuelle Internetquellen zum jeweiligen Thema<\/li>\n<\/ul>\n\n\n\n<p>Die Homepage wird regelm\u00e4\u00dfig \u00fcberarbeitet und auf dem aktuellsten Stand gehalten. Hierzu k\u00f6nnen auch Sie mit beitragen, indem Sie uns \u00fcber unsere Feedback-Seite kontaktieren und z.B. veraltete Links melden.<\/p>\n","protected":false},"excerpt":{"rendered":"<p>Zu bestellen direkt beim Verlag De Gruyter Brill oder im (online) Buchhandel Die 5. Auflage (2025) Die 5., vollst\u00e4ndig \u00fcberarbeitete Auflage des praxisorientierten Lehrbuchs&nbsp;Public Health Kompakt&nbsp;bietet Studierenden einen leicht verst\u00e4ndlichen Einstieg in die zentralen Themen der Gesundheit aus Bev\u00f6lkerungsperspektive. Renommierte Autor:innen aus Deutschland, \u00d6sterreich und der Schweiz vermitteln grundlegende Begriffe und Konzepte sowie Basiswissen in [&hellip;]<\/p>\n","protected":false},"author":7,"featured_media":0,"parent":0,"menu_order":0,"comment_status":"closed","ping_status":"closed","template":"","meta":{"footnotes":""},"class_list":["post-10","page","type-page","status-publish","hentry"],"blocksy_meta":[],"_links":{"self":[{"href":"https:\/\/www.public-health-kompakt.ch\/index.php\/wp-json\/wp\/v2\/pages\/10","targetHints":{"allow":["GET"]}}],"collection":[{"href":"https:\/\/www.public-health-kompakt.ch\/index.php\/wp-json\/wp\/v2\/pages"}],"about":[{"href":"https:\/\/www.public-health-kompakt.ch\/index.php\/wp-json\/wp\/v2\/types\/page"}],"author":[{"embeddable":true,"href":"https:\/\/www.public-health-kompakt.ch\/index.php\/wp-json\/wp\/v2\/users\/7"}],"replies":[{"embeddable":true,"href":"https:\/\/www.public-health-kompakt.ch\/index.php\/wp-json\/wp\/v2\/comments?post=10"}],"version-history":[{"count":56,"href":"https:\/\/www.public-health-kompakt.ch\/index.php\/wp-json\/wp\/v2\/pages\/10\/revisions"}],"predecessor-version":[{"id":7781,"href":"https:\/\/www.public-health-kompakt.ch\/index.php\/wp-json\/wp\/v2\/pages\/10\/revisions\/7781"}],"wp:attachment":[{"href":"https:\/\/www.public-health-kompakt.ch\/index.php\/wp-json\/wp\/v2\/media?parent=10"}],"curies":[{"name":"wp","href":"https:\/\/api.w.org\/{rel}","templated":true}]}}