{"id":14,"date":"2012-03-09T21:04:52","date_gmt":"2012-03-09T21:04:52","guid":{"rendered":"http:\/\/public-health-kompakt.frappant.ch\/?page_id=14"},"modified":"2026-03-23T15:40:47","modified_gmt":"2026-03-23T15:40:47","slug":"kapitel-1","status":"publish","type":"page","link":"https:\/\/www.public-health-kompakt.ch\/index.php\/kapitel-1\/","title":{"rendered":"Kapitel 1 Public Health: Konzepte, Disziplinen und Handlungsfelder"},"content":{"rendered":"\n<p><em><em>Matthias Egger, Oliver Razum, Anita Rieder, Lukas Fenner, Lotte Habermann-Horstmeier<\/em><\/em><\/p>\n\n\n\n<blockquote class=\"wp-block-quote is-style-plain is-layout-flow wp-block-quote-is-layout-flow\">\n<p>In diesem einf\u00fchrenden Kapitel lernen wir die zentralen Begriffe, Konzepte, Disziplinen und Handlungsfelder<br>von Public Health kennen. Ein Blick in die Geschichte zeigt, dass Public Health zu Beginn weniger mit<br>der Medizin als mit dem Ingenieurwesen zu tun hatte. Die Geschichte macht auch verst\u00e4ndlich, warum<br>heute der englische Begriff \u201ePublic Health\u201c auch im Deutschen gebr\u00e4uchlich ist. Public Health und Medizin<br>unterscheiden sich in ihrer Sicht auf Krankheit und Gesundheit. Anders als im medizinischen Denken steht<br>in Public Health die Entstehung von Gesundheit (Salutogenese) und nicht die Entstehung von Krankheit<br>(Pathogenese) im Mittelpunkt. Zu den Kernthemen von Public Health geh\u00f6rt u. a. die gesundheitliche Ungleichheit<br>zwischen verschiedenen Bev\u00f6lkerungsgruppen, z. B. die Ungleichheit im Zusammenhang mit der<br>sozialen Schichtzugeh\u00f6rigkeit und dem Geschlecht. Bei vielen Public-Health-Fragen spielen auch ethische<br>Aspekte eine Rolle. W\u00e4hrend in der Medizinethik die \u00c4rzt:in-Patient:in-Beziehung im Mittelpunkt steht, ist<br>es in der Public-Health-Ethik das Verh\u00e4ltnis zwischen Institutionen und Bev\u00f6lkerung.<\/p>\n\n\n\n<p><strong>Auf dieser Seite und den verlinkten Seiten finden Sie die verwendeten Literaturquellen, Hinweise zu empfohlener Vertiefungsliteratur, erg\u00e4nzende Abbildungen sowie weiterf\u00fchrende Internetquellen<\/strong>.<\/p>\n\n\n\n<ul class=\"wp-block-list\">\n<li><a href=\"https:\/\/www.public-health-kompakt.ch\/index.php\/kapitel-1\/kap-1-1\/\" data-type=\"page\" data-id=\"6291\">1.1 Definition<\/a><\/li>\n\n\n\n<li><a href=\"https:\/\/www.public-health-kompakt.ch\/index.php\/kapitel-1\/kap-1-2-geschichtliche-notizen\/\" data-type=\"page\" data-id=\"6298\">1.2 Geschichtliche Notizen<\/a><\/li>\n\n\n\n<li><a href=\"https:\/\/www.public-health-kompakt.ch\/index.php\/kapitel-1\/kap-1-3-zentrale-konzepte-und-themen\/\" data-type=\"page\" data-id=\"6300\">1.3 Zentrale Konzepte und Themen<\/a><\/li>\n\n\n\n<li><a href=\"https:\/\/www.public-health-kompakt.ch\/index.php\/kapitel-1\/kap-1-4-die-disziplinen-von-public-health\/\" data-type=\"page\" data-id=\"6305\">1.4 Die Disziplinen von Public Health<\/a><\/li>\n\n\n\n<li><a href=\"https:\/\/www.public-health-kompakt.ch\/index.php\/kapitel-1\/1-5-ansatzpunkte-der-pravention\/\" data-type=\"page\" data-id=\"6307\">1.5 Ansatzpunkte der Pr\u00e4vention<\/a><\/li>\n\n\n\n<li><a href=\"https:\/\/www.public-health-kompakt.ch\/index.php\/kapitel-1\/kap-1-6-public-health-ethik\/\" data-type=\"page\" data-id=\"6309\">1.6 Public Health Ethik<\/a><\/li>\n<\/ul>\n\n\n\n<h4 class=\"wp-block-heading\">Im Kapitel erw\u00e4hnte Quellen<\/h4>\n\n\n\n<ul class=\"wp-block-list\">\n<li>Gilbert EW. <a href=\"https:\/\/www.jstor.org\/stable\/1790244?origin=crossref&amp;seq=1\">Pioneer Maps of Health and Disease in England<\/a>. The Geographical Journal. 1958 Jun;124(2):172.<\/li>\n\n\n\n<li>Z\u00fcrcher K, Ballif M, Zwahlen M, Rieder HL, Egger M, Fenner L. <a href=\"https:\/\/journals.plos.org\/plosone\/article?id=10.1371\/journal.pone.0149195\">Tuberculosis Mortality and Living Conditions in Bern, Switzerland, 1856-1950<\/a>. PLOS ONE. 2016 Feb 16;11(2):e0149195.<\/li>\n\n\n\n<li>Fenner L, Z\u00fcrcher K, Egger M. <a href=\"https:\/\/ajph.aphapublications.org\/doi\/full\/10.2105\/AJPH.2018.304344\">Contagion and Public Health in Switzerland: Wilhelm Ost, MD (1853\u20131922), Polizeiarzt<\/a>. Am J Public Health. 2018 May;108(5):629\u201330.<\/li>\n\n\n\n<li>WHO. <a href=\"https:\/\/www.who.int\/publications\/i\/item\/declaration-of-alma-ata\">Declaration of Alma-Ata<\/a> <\/li>\n\n\n\n<li>Riou J, Panczak R, Althaus CL, Junker C, Perisa D, Schneider K, et al. <a href=\"https:\/\/www.sciencedirect.com\/science\/article\/pii\/S2468266721001602?via%3Dihub\">Socioeconomic position and the COVID-19 care cascade from testing to mortality in Switzerland: a population-based analysis<\/a>. Lancet Public Health. 2021 Sep;6(9):e683\u201391.<\/li>\n\n\n\n<li>Panczak R, Berlin C, Voorpostel M, Zwahlen M, Egger M. The Swiss neighbourhood index of socioeconomic position: update and re-validation. <a href=\"https:\/\/smw.ch\/index.php\/smw\/article\/view\/3285\">The Swiss neighbourhood index of socioeconomic position: update and re-validation.<\/a> Swiss Med Wkly. 2023 Jan 12;153:40028.<\/li>\n\n\n\n<li>Rose GA, Khaw KT, Marmot MG. <a href=\"https:\/\/global.oup.com\/academic\/product\/roses-strategy-of-preventive-medicine-9780192630971?cc=ch&amp;lang=en&amp;\">Rose\u2019s strategy of preventive medicine: the complete original text<\/a>. New ed. Oxford\u202f; New York: Oxford University Press; 2008. 171 p.<\/li>\n\n\n\n<li>Eggertson L. <a href=\"https:\/\/pmc.ncbi.nlm.nih.gov\/articles\/PMC2831678\/\">Lancet retracts 12-year-old article linking autism to MMR vaccines<\/a>. CMAJ. 2010 Mar 9;182(4):E199\u2013200.<\/li>\n\n\n\n<li>Wikipedia. <a href=\"https:\/\/en.wikipedia.org\/wiki\/Fraudulent_Lancet_MMR_vaccine-autism_study\">Fraudulent <em>Lancet<\/em> MMR vaccine-autism study<\/a>. <\/li>\n\n\n\n<li>Deutscher Ethikrat. <a href=\"https:\/\/www.ethikrat.org\/fileadmin\/Publikationen\/Ad-hoc-Empfehlungen\/deutsch\/ad-hoc-empfehlung-corona-krise.pdf\">Solidarit\u00e4t und Verantwortung in der Corona-Krise. AD-HOC-Empfehlung<\/a>. Berlin, 2020. <\/li>\n\n\n\n<li>Deutsches Institut f\u00fcr Menschenrechte. <a href=\"https:\/\/www.institut-fuer-menschenrechte.de\/menschenrechtsschutz\/allgemeine-erklaerung-der-menschenrechte\/geschichte-aemr\">Allgemeine Erkl\u00e4rung der Menschenrechte<\/a>, 1948.<\/li>\n\n\n\n<li>Wikipedia. <a href=\"https:\/\/de.wikipedia.org\/wiki\/Eid_des_Hippokrates\">Eid des Hippokrates<\/a>, um 460 bis 370 v. Chr.<\/li>\n\n\n\n<li>Wikipedia. <a href=\"https:\/\/de.wikipedia.org\/wiki\/N%C3%BCrnberger_Kodex\">N\u00fcrnberger Kodex<\/a>, 1947.<\/li>\n\n\n\n<li>Welt\u00e4rztebund.<a href=\"https:\/\/www.fmh.ch\/files\/pdf24\/wma-helsinki-deklaration.pdf\"> Deklaration von Helsinki<\/a>, 1964.<\/li>\n\n\n\n<li>Public Health Leadership Society. <a href=\"https:\/\/www.apha.org\/getcontentasset\/d5a44514-2dfc-48b0-b1e2-9c0fa4fd5619\/7ca0dc9d-611d-46e2-9fd3-26a4c03ddcbb\/ethics_brochure.pdf?language=en\">Principals of the Ethical Practice of Public Health<\/a>, 2002.<\/li>\n<\/ul>\n\n\n\n<h4 class=\"wp-block-heading\">Weiterf\u00fchrende Literatur<\/h4>\n\n\n\n<figure class=\"wp-block-image size-full\"><img loading=\"lazy\" decoding=\"async\" width=\"265\" height=\"375\" src=\"https:\/\/www.public-health-kompakt.ch\/wp-content\/uploads\/2026\/02\/grafik.png\" alt=\"\" class=\"wp-image-6840\" srcset=\"https:\/\/www.public-health-kompakt.ch\/wp-content\/uploads\/2026\/02\/grafik.png 265w, https:\/\/www.public-health-kompakt.ch\/wp-content\/uploads\/2026\/02\/grafik-212x300.png 212w\" sizes=\"auto, (max-width: 265px) 100vw, 265px\" \/><\/figure>\n\n\n\n<ul class=\"wp-block-list\">\n<li>Krentel A, McKee M, editors. <a href=\"https:\/\/www.mheducation.com.au\/issues-in-public-health-challenges-for-the-21st-century-9780335249152-aus\">Issues in public health: challenges for the 21st century<\/a>. Third edition. London: Open University Press; 2022. <\/li>\n\n\n\n<li>Detels, R., Gulliford, M., Karim, Q. A., &amp; Tan, C. C., editors. <a href=\"https:\/\/academic.oup.com\/book\/36249\">Oxford Textbook of Global Public Health (6th ed.)<\/a>. Oxford University Press; 2021. <\/li>\n\n\n\n<li>Kawachi I, Lang I, Ricciardi W, Kawachi I, Lang I, Ricciardi W, editors. <a href=\"https:\/\/global.oup.com\/academic\/product\/oxford-handbook-of-public-health-practice-9780198800125?q=handbook%20of%20public%20health&amp;lang=en&amp;cc=ch\">Oxford Handbook of Public Health Practice<\/a> (4<sup>th<\/sup> ed.). Oxford University Press; 2020. <\/li>\n\n\n\n<li>Royal Society for Public Health. <a href=\"https:\/\/www.rsph.org.uk\/insights\/the-top-10-public-health-achievements-of-the-21st-century\/\">The Top 10 Public Health Achievements of the 21st Century<\/a><\/li>\n<\/ul>\n\n\n\n<p><\/p>\n\n\n\n<h4 class=\"wp-block-heading\">Standardwerke in Deutscher Sprache<\/h4>\n\n\n\n<figure class=\"wp-block-image size-full is-resized\"><img loading=\"lazy\" decoding=\"async\" width=\"320\" height=\"489\" src=\"https:\/\/www.public-health-kompakt.ch\/wp-content\/uploads\/2026\/02\/grafik-1.png\" alt=\"\" class=\"wp-image-6842\" style=\"aspect-ratio:0.6543788897306269;width:247px;height:auto\" srcset=\"https:\/\/www.public-health-kompakt.ch\/wp-content\/uploads\/2026\/02\/grafik-1.png 320w, https:\/\/www.public-health-kompakt.ch\/wp-content\/uploads\/2026\/02\/grafik-1-196x300.png 196w\" sizes=\"auto, (max-width: 320px) 100vw, 320px\" \/><\/figure>\n\n\n\n<ul class=\"wp-block-list\">\n<li>Razum, O., &amp; Kolip, P. (2020). <em>Handbuch Gesundheitswissenschaften.<\/em> Weinheim: Beltz Juventa; 2020.<br><a href=\"https:\/\/www.beltz.de\/fachmedien\/sozialpaedagogik_soziale_arbeit\/produkte\/details\/57647-handbuch-gesundheitswissenschaften.html\">Link<\/a><\/li>\n\n\n\n<li>Schwarz F, Walter U, Siegrist J, Kolip P, Leidl R, Busse R, et al. <em>Public Health: Gesundheit und Gesundheitswesen<\/em>. 4. Auflage. M\u00fcnchen: Elsevier, Urban &amp; Fischer; 2023. 933 p. <br><a href=\"https:\/\/shop.elsevier.de\/public-health-9783437222627.html\">Link<\/a><\/li>\n\n\n\n<li>Gutzwiller F, Paccaud F. <em>Sozial- und Pr\u00e4ventivmedizin &#8211; Public Health<\/em>. 4. Aufl. Verlag Hans Huber; 2011. 531 p. <br><a href=\"https:\/\/elibrary.hogrefe.com\/book\/99.110005\/9783456949642\">Link<\/a><\/li>\n<\/ul>\n\n\n\n<p><strong>Auf den folgenden Seiten finden Sie f\u00fcr jeden Abschnitt die verwendeten Literaturquellen, Hinweise zu empfohlener Vertiefungsliteratur, erg\u00e4nzende Abbildungen sowie weiterf\u00fchrende Internetquellen<\/strong>.<\/p>\n\n\n\n<ul class=\"wp-block-list\">\n<li><a href=\"https:\/\/www.public-health-kompakt.ch\/index.php\/kapitel-1\/kap-1-1\/\" data-type=\"page\" data-id=\"6291\">1.1 Definition<\/a><\/li>\n\n\n\n<li><a href=\"https:\/\/www.public-health-kompakt.ch\/index.php\/kapitel-1\/kap-1-2-geschichtliche-notizen\/\" data-type=\"page\" data-id=\"6298\">1.2 Geschichtliche Notizen<\/a><\/li>\n\n\n\n<li><a href=\"https:\/\/www.public-health-kompakt.ch\/index.php\/kapitel-1\/kap-1-3-zentrale-konzepte-und-themen\/\" data-type=\"page\" data-id=\"6300\">1.3 Zentrale Konzepte und Themen<\/a><\/li>\n\n\n\n<li><a href=\"https:\/\/www.public-health-kompakt.ch\/index.php\/kapitel-1\/kap-1-4-die-disziplinen-von-public-health\/\" data-type=\"page\" data-id=\"6305\">1.4 Die Disziplinen von Public Health<\/a><\/li>\n\n\n\n<li><a href=\"https:\/\/www.public-health-kompakt.ch\/index.php\/kapitel-1\/1-5-ansatzpunkte-der-pravention\/\" data-type=\"page\" data-id=\"6307\">1.5 Ansatzpunkte der Pr\u00e4vention<\/a><\/li>\n\n\n\n<li><a href=\"https:\/\/www.public-health-kompakt.ch\/index.php\/kapitel-1\/kap-1-6-public-health-ethik\/\" data-type=\"page\" data-id=\"6309\">1.6 Public Health Ethik<\/a><\/li>\n<\/ul>\n<\/blockquote>\n\n\n\n<p><\/p>\n","protected":false},"excerpt":{"rendered":"<p>Matthias Egger, Oliver Razum, Anita Rieder, Lukas Fenner, Lotte Habermann-Horstmeier<\/p>\n","protected":false},"author":7,"featured_media":0,"parent":0,"menu_order":1,"comment_status":"closed","ping_status":"closed","template":"","meta":{"footnotes":""},"class_list":["post-14","page","type-page","status-publish","hentry"],"blocksy_meta":[],"_links":{"self":[{"href":"https:\/\/www.public-health-kompakt.ch\/index.php\/wp-json\/wp\/v2\/pages\/14","targetHints":{"allow":["GET"]}}],"collection":[{"href":"https:\/\/www.public-health-kompakt.ch\/index.php\/wp-json\/wp\/v2\/pages"}],"about":[{"href":"https:\/\/www.public-health-kompakt.ch\/index.php\/wp-json\/wp\/v2\/types\/page"}],"author":[{"embeddable":true,"href":"https:\/\/www.public-health-kompakt.ch\/index.php\/wp-json\/wp\/v2\/users\/7"}],"replies":[{"embeddable":true,"href":"https:\/\/www.public-health-kompakt.ch\/index.php\/wp-json\/wp\/v2\/comments?post=14"}],"version-history":[{"count":113,"href":"https:\/\/www.public-health-kompakt.ch\/index.php\/wp-json\/wp\/v2\/pages\/14\/revisions"}],"predecessor-version":[{"id":7177,"href":"https:\/\/www.public-health-kompakt.ch\/index.php\/wp-json\/wp\/v2\/pages\/14\/revisions\/7177"}],"wp:attachment":[{"href":"https:\/\/www.public-health-kompakt.ch\/index.php\/wp-json\/wp\/v2\/media?parent=14"}],"curies":[{"name":"wp","href":"https:\/\/api.w.org\/{rel}","templated":true}]}}

<p><em><em>Matthias Egger, Oliver Razum, Anita Rieder, Lukas Fenner, Lotte Habermann-Horstmeier</em></em></p>



<blockquote class="wp-block-quote is-style-plain is-layout-flow wp-block-quote-is-layout-flow">
<p>In diesem einführenden Kapitel lernen wir die zentralen Begriffe, Konzepte, Disziplinen und Handlungsfelder<br>von Public Health kennen. Ein Blick in die Geschichte zeigt, dass Public Health zu Beginn weniger mit<br>der Medizin als mit dem Ingenieurwesen zu tun hatte. Die Geschichte macht auch verständlich, warum<br>heute der englische Begriff „Public Health“ auch im Deutschen gebräuchlich ist. Public Health und Medizin<br>unterscheiden sich in ihrer Sicht auf Krankheit und Gesundheit. Anders als im medizinischen Denken steht<br>in Public Health die Entstehung von Gesundheit (Salutogenese) und nicht die Entstehung von Krankheit<br>(Pathogenese) im Mittelpunkt. Zu den Kernthemen von Public Health gehört u. a. die gesundheitliche Ungleichheit<br>zwischen verschiedenen Bevölkerungsgruppen, z. B. die Ungleichheit im Zusammenhang mit der<br>sozialen Schichtzugehörigkeit und dem Geschlecht. Bei vielen Public-Health-Fragen spielen auch ethische<br>Aspekte eine Rolle. Während in der Medizinethik die Ärzt:in-Patient:in-Beziehung im Mittelpunkt steht, ist<br>es in der Public-Health-Ethik das Verhältnis zwischen Institutionen und Bevölkerung.</p>



<p><strong>Auf dieser Seite und den verlinkten Seiten finden Sie die verwendeten Literaturquellen, Hinweise zu empfohlener Vertiefungsliteratur, ergänzende Abbildungen sowie weiterführende Internetquellen</strong>.</p>



<ul class="wp-block-list">
<li><a href="https://www.public-health-kompakt.ch/index.php/kapitel-1/kap-1-1/" data-type="page" data-id="6291">1.1 Definition</a></li>



<li><a href="https://www.public-health-kompakt.ch/index.php/kapitel-1/kap-1-2-geschichtliche-notizen/" data-type="page" data-id="6298">1.2 Geschichtliche Notizen</a></li>



<li><a href="https://www.public-health-kompakt.ch/index.php/kapitel-1/kap-1-3-zentrale-konzepte-und-themen/" data-type="page" data-id="6300">1.3 Zentrale Konzepte und Themen</a></li>



<li><a href="https://www.public-health-kompakt.ch/index.php/kapitel-1/kap-1-4-die-disziplinen-von-public-health/" data-type="page" data-id="6305">1.4 Die Disziplinen von Public Health</a></li>



<li><a href="https://www.public-health-kompakt.ch/index.php/kapitel-1/1-5-ansatzpunkte-der-pravention/" data-type="page" data-id="6307">1.5 Ansatzpunkte der Prävention</a></li>



<li><a href="https://www.public-health-kompakt.ch/index.php/kapitel-1/kap-1-6-public-health-ethik/" data-type="page" data-id="6309">1.6 Public Health Ethik</a></li>
</ul>



<h4 class="wp-block-heading">Im Kapitel erwähnte Quellen</h4>



<ul class="wp-block-list">
<li>Gilbert EW. <a href="https://www.jstor.org/stable/1790244?origin=crossref&amp;seq=1">Pioneer Maps of Health and Disease in England</a>. The Geographical Journal. 1958 Jun;124(2):172.</li>



<li>Zürcher K, Ballif M, Zwahlen M, Rieder HL, Egger M, Fenner L. <a href="https://journals.plos.org/plosone/article?id=10.1371/journal.pone.0149195">Tuberculosis Mortality and Living Conditions in Bern, Switzerland, 1856-1950</a>. PLOS ONE. 2016 Feb 16;11(2):e0149195.</li>



<li>Fenner L, Zürcher K, Egger M. <a href="https://ajph.aphapublications.org/doi/full/10.2105/AJPH.2018.304344">Contagion and Public Health in Switzerland: Wilhelm Ost, MD (1853–1922), Polizeiarzt</a>. Am J Public Health. 2018 May;108(5):629–30.</li>



<li>WHO. <a href="https://www.who.int/publications/i/item/declaration-of-alma-ata">Declaration of Alma-Ata</a> </li>



<li>Riou J, Panczak R, Althaus CL, Junker C, Perisa D, Schneider K, et al. <a href="https://www.sciencedirect.com/science/article/pii/S2468266721001602?via%3Dihub">Socioeconomic position and the COVID-19 care cascade from testing to mortality in Switzerland: a population-based analysis</a>. Lancet Public Health. 2021 Sep;6(9):e683–91.</li>



<li>Panczak R, Berlin C, Voorpostel M, Zwahlen M, Egger M. The Swiss neighbourhood index of socioeconomic position: update and re-validation. <a href="https://smw.ch/index.php/smw/article/view/3285">The Swiss neighbourhood index of socioeconomic position: update and re-validation.</a> Swiss Med Wkly. 2023 Jan 12;153:40028.</li>



<li>Rose GA, Khaw KT, Marmot MG. <a href="https://global.oup.com/academic/product/roses-strategy-of-preventive-medicine-9780192630971?cc=ch&amp;lang=en&amp;">Rose’s strategy of preventive medicine: the complete original text</a>. New ed. Oxford ; New York: Oxford University Press; 2008. 171 p.</li>



<li>Eggertson L. <a href="https://pmc.ncbi.nlm.nih.gov/articles/PMC2831678/">Lancet retracts 12-year-old article linking autism to MMR vaccines</a>. CMAJ. 2010 Mar 9;182(4):E199–200.</li>



<li>Wikipedia. <a href="https://en.wikipedia.org/wiki/Fraudulent_Lancet_MMR_vaccine-autism_study">Fraudulent <em>Lancet</em> MMR vaccine-autism study</a>. </li>



<li>Deutscher Ethikrat. <a href="https://www.ethikrat.org/fileadmin/Publikationen/Ad-hoc-Empfehlungen/deutsch/ad-hoc-empfehlung-corona-krise.pdf">Solidarität und Verantwortung in der Corona-Krise. AD-HOC-Empfehlung</a>. Berlin, 2020. </li>



<li>Deutsches Institut für Menschenrechte. <a href="https://www.institut-fuer-menschenrechte.de/menschenrechtsschutz/allgemeine-erklaerung-der-menschenrechte/geschichte-aemr">Allgemeine Erklärung der Menschenrechte</a>, 1948.</li>



<li>Wikipedia. <a href="https://de.wikipedia.org/wiki/Eid_des_Hippokrates">Eid des Hippokrates</a>, um 460 bis 370 v. Chr.</li>



<li>Wikipedia. <a href="https://de.wikipedia.org/wiki/N%C3%BCrnberger_Kodex">Nürnberger Kodex</a>, 1947.</li>



<li>Weltärztebund.<a href="https://www.fmh.ch/files/pdf24/wma-helsinki-deklaration.pdf"> Deklaration von Helsinki</a>, 1964.</li>



<li>Public Health Leadership Society. <a href="https://www.apha.org/getcontentasset/d5a44514-2dfc-48b0-b1e2-9c0fa4fd5619/7ca0dc9d-611d-46e2-9fd3-26a4c03ddcbb/ethics_brochure.pdf?language=en">Principals of the Ethical Practice of Public Health</a>, 2002.</li>
</ul>



<h4 class="wp-block-heading">Weiterführende Literatur</h4>



<figure class="wp-block-image size-full"><img loading="lazy" decoding="async" width="265" height="375" src="https://www.public-health-kompakt.ch/wp-content/uploads/2026/02/grafik.png" alt="" class="wp-image-6840" srcset="https://www.public-health-kompakt.ch/wp-content/uploads/2026/02/grafik.png 265w, https://www.public-health-kompakt.ch/wp-content/uploads/2026/02/grafik-212x300.png 212w" sizes="auto, (max-width: 265px) 100vw, 265px" /></figure>



<ul class="wp-block-list">
<li>Krentel A, McKee M, editors. <a href="https://www.mheducation.com.au/issues-in-public-health-challenges-for-the-21st-century-9780335249152-aus">Issues in public health: challenges for the 21st century</a>. Third edition. London: Open University Press; 2022. </li>



<li>Detels, R., Gulliford, M., Karim, Q. A., &amp; Tan, C. C., editors. <a href="https://academic.oup.com/book/36249">Oxford Textbook of Global Public Health (6th ed.)</a>. Oxford University Press; 2021. </li>



<li>Kawachi I, Lang I, Ricciardi W, Kawachi I, Lang I, Ricciardi W, editors. <a href="https://global.oup.com/academic/product/oxford-handbook-of-public-health-practice-9780198800125?q=handbook%20of%20public%20health&amp;lang=en&amp;cc=ch">Oxford Handbook of Public Health Practice</a> (4<sup>th</sup> ed.). Oxford University Press; 2020. </li>



<li>Royal Society for Public Health. <a href="https://www.rsph.org.uk/insights/the-top-10-public-health-achievements-of-the-21st-century/">The Top 10 Public Health Achievements of the 21st Century</a></li>
</ul>



<p></p>



<h4 class="wp-block-heading">Standardwerke in Deutscher Sprache</h4>



<figure class="wp-block-image size-full is-resized"><img loading="lazy" decoding="async" width="320" height="489" src="https://www.public-health-kompakt.ch/wp-content/uploads/2026/02/grafik-1.png" alt="" class="wp-image-6842" style="aspect-ratio:0.6543788897306269;width:247px;height:auto" srcset="https://www.public-health-kompakt.ch/wp-content/uploads/2026/02/grafik-1.png 320w, https://www.public-health-kompakt.ch/wp-content/uploads/2026/02/grafik-1-196x300.png 196w" sizes="auto, (max-width: 320px) 100vw, 320px" /></figure>



<ul class="wp-block-list">
<li>Razum, O., &amp; Kolip, P. (2020). <em>Handbuch Gesundheitswissenschaften.</em> Weinheim: Beltz Juventa; 2020.<br><a href="https://www.beltz.de/fachmedien/sozialpaedagogik_soziale_arbeit/produkte/details/57647-handbuch-gesundheitswissenschaften.html">Link</a></li>



<li>Schwarz F, Walter U, Siegrist J, Kolip P, Leidl R, Busse R, et al. <em>Public Health: Gesundheit und Gesundheitswesen</em>. 4. Auflage. München: Elsevier, Urban &amp; Fischer; 2023. 933 p. <br><a href="https://shop.elsevier.de/public-health-9783437222627.html">Link</a></li>



<li>Gutzwiller F, Paccaud F. <em>Sozial- und Präventivmedizin &#8211; Public Health</em>. 4. Aufl. Verlag Hans Huber; 2011. 531 p. <br><a href="https://elibrary.hogrefe.com/book/99.110005/9783456949642">Link</a></li>
</ul>



<p><strong>Auf den folgenden Seiten finden Sie für jeden Abschnitt die verwendeten Literaturquellen, Hinweise zu empfohlener Vertiefungsliteratur, ergänzende Abbildungen sowie weiterführende Internetquellen</strong>.</p>



<ul class="wp-block-list">
<li><a href="https://www.public-health-kompakt.ch/index.php/kapitel-1/kap-1-1/" data-type="page" data-id="6291">1.1 Definition</a></li>



<li><a href="https://www.public-health-kompakt.ch/index.php/kapitel-1/kap-1-2-geschichtliche-notizen/" data-type="page" data-id="6298">1.2 Geschichtliche Notizen</a></li>



<li><a href="https://www.public-health-kompakt.ch/index.php/kapitel-1/kap-1-3-zentrale-konzepte-und-themen/" data-type="page" data-id="6300">1.3 Zentrale Konzepte und Themen</a></li>



<li><a href="https://www.public-health-kompakt.ch/index.php/kapitel-1/kap-1-4-die-disziplinen-von-public-health/" data-type="page" data-id="6305">1.4 Die Disziplinen von Public Health</a></li>



<li><a href="https://www.public-health-kompakt.ch/index.php/kapitel-1/1-5-ansatzpunkte-der-pravention/" data-type="page" data-id="6307">1.5 Ansatzpunkte der Prävention</a></li>



<li><a href="https://www.public-health-kompakt.ch/index.php/kapitel-1/kap-1-6-public-health-ethik/" data-type="page" data-id="6309">1.6 Public Health Ethik</a></li>
</ul>
</blockquote>



<p></p>
