{"id":20,"date":"2012-03-09T21:05:32","date_gmt":"2012-03-09T21:05:32","guid":{"rendered":"http:\/\/public-health-kompakt.frappant.ch\/?page_id=20"},"modified":"2026-03-23T15:43:06","modified_gmt":"2026-03-23T15:43:06","slug":"kapitel-4","status":"publish","type":"page","link":"https:\/\/www.public-health-kompakt.ch\/index.php\/kapitel-4\/","title":{"rendered":"Kapitel 4 Gesundheitsf\u00f6rderung und Pr\u00e4vention"},"content":{"rendered":"\n<p><em>Thomas E. Dorner, Matthias Egger, Lotte Habermann-Horstmeier, Marcel Zwahlen<\/em><br><br>Dieses Kapitel vermittelt zentrale Konzepte der Gesundheitsf\u00f6rderung und Pr\u00e4vention und ordnet sie in einen Public-Health-Kontext ein. Gesundheit wird dabei als dynamischer Prozess verstanden, der durch individuelle, soziale und strukturelle Faktoren beeinflusst wird. Auf dieser Grundlage werden theoretische Ans\u00e4tze wie Salutogenese und Pathogenese sowie gesundheitspolitische Leitbilder vorgestellt. Ein weiterer Schwerpunkt liegt auf der St\u00e4rkung der Gesundheitskompetenz, einschlie\u00dflich digitaler und themenspezifischer Auspr\u00e4gungen. Zudem werden Gesundheitsf\u00f6rderungsprojekte als zentrale Umsetzungsform beschrieben, von der systematischen Planung \u00fcber die Auswahl evidenzbasierter Ma\u00dfnahmen bis hin zur Evaluation. Das Kapitel zeigt au\u00dferdem die wichtige Rolle der \u00e4rztlichen Praxis bei Beratung, Pr\u00e4vention und Begleitung von Verhaltens\u00e4nderungen auf. Abschlie\u00dfend werden Screening-Programme behandelt und deren Nutzen, Voraussetzungen sowie m\u00f6gliche Risiken wie \u00dcberdiagnosen und unerw\u00fcnschte Effekte kritisch diskutiert.<\/p>\n\n\n\n<h3 class=\"wp-block-heading\">Links zu den im Kapitel erw\u00e4hntem Quellen<\/h3>\n\n\n\n<ul class=\"wp-block-list\">\n<li>Mielck A, Jan\u00dfen C. <a href=\"https:\/\/www.degruyterbrill.com\/document\/doi\/10.1016\/j.phf.2008.04.002\/html?utm_source=researchgate.net&amp;utm_medium=article\">Ein Modell zur Erkl\u00e4rung der gesundheitlichen Ungleichheit<\/a>. Public Health Forum. 2008 Jul 1;16(2):4\u20135.<\/li>\n\n\n\n<li>U.S. Preventive Services Task Fore (USPSTF). <a href=\"https:\/\/www.uspreventiveservicestaskforce.org\/uspstf\/topic_search_results?topic_status=P\">Recommendations<\/a>.<\/li>\n\n\n\n<li>Wilson, James Maxwell Glover,\u00a0Jungner, Gunnar\u00a0&amp;\u00a0World Health Organization\u00a0(1968).\u00a0<a href=\"https:\/\/iris.who.int\/handle\/10665\/37650\">Principles and practice of screening for disease<\/a>.\u00a0World Health Organization.<\/li>\n\n\n\n<li>Raffle A, Gray JAM. <a href=\"https:\/\/www.abebooks.de\/9783456846989\/Screening-Durchf%C3%BChrung-Nutzen-Vorsorgeuntersuchungen-Angela-3456846983\/plp?srsltid=AfmBOooUZdBZbEei8R3DrWKx6-BZS3Y_dmG65x-76TOmuOjQtmLPzueu\">Screening: Durchf\u00fchrung und Nutzen von Vorsorgeuntersuchungen<\/a>. 1. Auflage. Bern: Verlag Hans Huber; 2009. 336 p.<\/li>\n\n\n\n<li>Andriole GL, Crawford ED, Grubb RL, Buys SS, Chia D, Church TR, et al. <a href=\"https:\/\/www.nejm.org\/doi\/full\/10.1056\/NEJMoa0810696\">Mortality Results from a Randomized Prostate-Cancer Screening Trial<\/a>. New England Journal of Medicine. 2009 Mar 26;360(13):1310\u20139.<\/li>\n\n\n\n<li>Gohagan JK, Prorok PC, Hayes RB, Kramer BS, Prostate, Lung, Colorectal and Ovarian Cancer Screening Trial Project Team. <a href=\"https:\/\/www.sciencedirect.com\/science\/article\/pii\/S0197245600000970?via%3Dihub\">The Prostate, Lung, Colorectal and Ovarian (PLCO) Cancer Screening Trial of the National Cancer Institute: history, organization, and status<\/a>. Control Clin Trials. 2000 Dec;21(6 Suppl):251S-272S.<\/li>\n\n\n\n<li>Diagnostic and Statistical Manual of Mental Disorders, Fifth Edition. <a href=\"https:\/\/doi.org\/10.1176\/appi.books.9780890425596\">DSM-5<\/a>.<\/li>\n<\/ul>\n\n\n\n<h3 class=\"wp-block-heading\">Zus\u00e4tzliche Materialien<\/h3>\n\n\n\n<p>Die \u00dcbersicht unten f\u00fchrt Sie durch Klicken auf die jeweiligen Abschnitten zu den zus\u00e4tzlichen Materialien.<\/p>\n\n\n\n<ul class=\"wp-block-list\">\n<li><a href=\"https:\/\/www.public-health-kompakt.ch\/index.php\/kapitel-4\/kap-4-1-1\/\">4.1 Grundlagen von Gesundheitsf\u00f6rderung und Pr\u00e4vention<\/a><\/li>\n\n\n\n<li><a href=\"https:\/\/www.public-health-kompakt.ch\/index.php\/kapitel-4\/kap-4-2-2\/\">4.2 Gesundheitsverhalten und Lebensstile<\/a><\/li>\n\n\n\n<li><a href=\"https:\/\/www.public-health-kompakt.ch\/index.php\/kapitel-4\/kap-4-3\/\">4.3 Projekte der der Gesundheitsf\u00f6rderung<\/a><\/li>\n\n\n\n<li><a href=\"https:\/\/www.public-health-kompakt.ch\/index.php\/kapitel-4\/kap-4-4\/\">4.4 Gesundheitsf\u00f6rderung und Pr\u00e4vention in der Arztpraxis<\/a><\/li>\n\n\n\n<li><a href=\"https:\/\/www.public-health-kompakt.ch\/index.php\/kapitel-4\/kap-4-5\/\">4.5 Screening<\/a><\/li>\n<\/ul>\n\n\n\n<h3 class=\"wp-block-heading\">&nbsp;<\/h3>\n\n\n\n<p><\/p>\n","protected":false},"excerpt":{"rendered":"<p>Thomas E. Dorner, Matthias Egger, Lotte Habermann-Horstmeier, Marcel Zwahlen Dieses Kapitel vermittelt zentrale Konzepte der Gesundheitsf\u00f6rderung und Pr\u00e4vention und ordnet sie in einen Public-Health-Kontext ein. Gesundheit wird dabei als dynamischer Prozess verstanden, der durch individuelle, soziale und strukturelle Faktoren beeinflusst wird. Auf dieser Grundlage werden theoretische Ans\u00e4tze wie Salutogenese und Pathogenese sowie gesundheitspolitische Leitbilder vorgestellt. [&hellip;]<\/p>\n","protected":false},"author":7,"featured_media":0,"parent":0,"menu_order":4,"comment_status":"closed","ping_status":"closed","template":"","meta":{"footnotes":""},"class_list":["post-20","page","type-page","status-publish","hentry"],"blocksy_meta":[],"_links":{"self":[{"href":"https:\/\/www.public-health-kompakt.ch\/index.php\/wp-json\/wp\/v2\/pages\/20","targetHints":{"allow":["GET"]}}],"collection":[{"href":"https:\/\/www.public-health-kompakt.ch\/index.php\/wp-json\/wp\/v2\/pages"}],"about":[{"href":"https:\/\/www.public-health-kompakt.ch\/index.php\/wp-json\/wp\/v2\/types\/page"}],"author":[{"embeddable":true,"href":"https:\/\/www.public-health-kompakt.ch\/index.php\/wp-json\/wp\/v2\/users\/7"}],"replies":[{"embeddable":true,"href":"https:\/\/www.public-health-kompakt.ch\/index.php\/wp-json\/wp\/v2\/comments?post=20"}],"version-history":[{"count":86,"href":"https:\/\/www.public-health-kompakt.ch\/index.php\/wp-json\/wp\/v2\/pages\/20\/revisions"}],"predecessor-version":[{"id":6958,"href":"https:\/\/www.public-health-kompakt.ch\/index.php\/wp-json\/wp\/v2\/pages\/20\/revisions\/6958"}],"wp:attachment":[{"href":"https:\/\/www.public-health-kompakt.ch\/index.php\/wp-json\/wp\/v2\/media?parent=20"}],"curies":[{"name":"wp","href":"https:\/\/api.w.org\/{rel}","templated":true}]}}