{"id":322,"date":"2012-04-17T19:01:09","date_gmt":"2012-04-17T19:01:09","guid":{"rendered":"http:\/\/public-health-kompakt.frappant.ch\/?page_id=322"},"modified":"2026-03-30T16:48:50","modified_gmt":"2026-03-30T16:48:50","slug":"kap-9-1-infektionskrankheiten-allgemeine-konzepte","status":"publish","type":"page","link":"https:\/\/www.public-health-kompakt.ch\/index.php\/kapitel-9\/kap-9-1-infektionskrankheiten-allgemeine-konzepte\/","title":{"rendered":"Kap. 9.1 Allgemeine Konzepte"},"content":{"rendered":"\n<p><em>Philipp Jent, Heimo Lagler, Christian Gatterer, Christian Althaus, Cornelia Staehelin<\/em><\/p>\n\n\n\n<p>Infektionskrankheiten entstehen durch das Eindringen von pathogenen Mikroorganismen wie Bakterien, Viren, Parasiten oder Pilzen in den menschlichen Organismus. Zentrale Merkmale sind Infektiosit\u00e4t, Pathogenit\u00e4t und Virulenz, die beschreiben, wie leicht ein Erreger \u00fcbertragen wird, ob er Krankheit verursacht und wie schwer der Krankheitsverlauf ist. Das Zusammenspiel von Erreger, Wirt und Umwelt bestimmt ma\u00dfgeblich das Infektionsgeschehen.<\/p>\n\n\n\n<p>Ein weiterer Schwerpunkt liegt auf den \u00dcbertragungswegen und der \u00dcbertragungsdynamik. Infektionen k\u00f6nnen direkt (z. B. Tr\u00f6pfchen-, Kontakt- oder sexuelle \u00dcbertragung) oder indirekt (z. B. \u00fcber Lebensmittel, Wasser, Vektoren oder kontaminierte Oberfl\u00e4chen) weitergegeben werden. Die Basisreproduktionszahl (R\u2080) dient als zentrales Ma\u00df zur Beschreibung der Ausbreitungsdynamik und gibt an, wie viele Personen eine infizierte Person im Durchschnitt ansteckt. Faktoren wie Inkubationszeit, Infektionsdauer und Immunit\u00e4t beeinflussen zus\u00e4tzlich den Verlauf von Ausbr\u00fcchen.<\/p>\n\n\n\n<p>Weitere grundlegende Begriffe zur Beschreibung des Auftretens von Infektionskrankheiten sind Endemie, Epidemie und Pandemie. Diese Konzepte sind essenziell, um Infektionsgeschehen einzuordnen, geeignete Pr\u00e4ventions- und Kontrollma\u00dfnahmen zu planen und die Bedeutung von Surveillance und Interventionen im Public-Health-Kontext zu verstehen.<\/p>\n\n\n\n<h4 class=\"wp-block-heading\"><a name=\"LQ\"><\/a>Literaturquellen<\/h4>\n\n\n\n<ul class=\"wp-block-list\">\n<li>Nelson KE, Williams CM, editors. <a href=\"https:\/\/samples.jbpub.com\/9781449683795\/FrontMatter.pdf\">Infectious disease epidemiology: theory and practice<\/a>. 3rd ed. Burlington, Mass: Jones &amp; Bartlett Learning; 2014. 963 p.<\/li>\n\n\n\n<li>Heymann DL (editor). Control of Communicable Diseases Manual. American Public Health Association (APHA), 2015. <\/li>\n\n\n\n<li>Ballard S.-B., Blazes D. L. Applied Epidemiologie for Infectious Diseases Physician. In: Bennett JE, Dolin R, Blaser MJ, editors. <a href=\"https:\/\/shop.elsevier.com\/books\/mandell-douglas-and-bennetts-principles-and-practice-of-infectious-diseases\/bennett\/978-0-323-48255-4\">Mandell, Douglas, and Bennett\u2019s principles and practice of infectious diseases<\/a>. Ninth edition. Philadelphia, PA: Elsevier; 2020. <\/li>\n\n\n\n<li>Webber R. <a href=\"https:\/\/www.cabidigitallibrary.org\/doi\/book\/10.1079\/9781786395245.0000\">Communicable diseases: a global perspective<\/a>. Sixth edition. Wallingford, Oxfordshire\u202f; Boston, MA: CABI; 2020. <\/li>\n\n\n\n<li>Giesecke J. <a href=\"https:\/\/www.taylorfrancis.com\/books\/mono\/10.1201\/9781315222714\/modern-infectious-disease-epidemiology-johan-giesecke\">Modern infectious disease epidemiology<\/a>. Third edition. Boca Raton, FL: CRC Press; 2017. <\/li>\n\n\n\n<li>Vynnycky E, White RG. <a href=\"https:\/\/global.oup.com\/academic\/product\/an-introduction-to-infectious-disease-modelling-9780198565765?cc=ch&amp;lang=en&amp;utm_source=chatgpt.com#\">An introduction to infectious disease modelling<\/a>. New York: Oxford University Press; 2010. 370 p.<\/li>\n<\/ul>\n\n\n\n<figure class=\"wp-block-image size-full is-resized\"><img loading=\"lazy\" decoding=\"async\" width=\"582\" height=\"877\" src=\"https:\/\/www.public-health-kompakt.ch\/wp-content\/uploads\/2026\/03\/grafik-4.png\" alt=\"\" class=\"wp-image-7662\" style=\"width:338px;height:auto\" srcset=\"https:\/\/www.public-health-kompakt.ch\/wp-content\/uploads\/2026\/03\/grafik-4.png 582w, https:\/\/www.public-health-kompakt.ch\/wp-content\/uploads\/2026\/03\/grafik-4-199x300.png 199w\" sizes=\"auto, (max-width: 582px) 100vw, 582px\" \/><\/figure>\n\n\n\n<h4 class=\"wp-block-heading\"><a name=\"ZA\"><\/a>Zus\u00e4tzliche Abbildungen<\/h4>\n\n\n\n<h5 class=\"wp-block-heading\">Inkubationszeiten wichtiger Infektionskrankheiten.<\/h5>\n\n\n\n<p>Die roten Balken beschreiben den Zeitraum zwischen minimaler und maximaler Inkubationszeit. Der hellblaue Anteil zeigt davon den Bereich der am h\u00e4ufigsten beobachten Inkubationszeit.<\/p>\n\n\n\n<figure class=\"wp-block-image size-large\"><img loading=\"lazy\" decoding=\"async\" width=\"1024\" height=\"697\" src=\"https:\/\/www.public-health-kompakt.ch\/wp-content\/uploads\/2026\/03\/inkubationszeiten_recreated_vector-1024x697.png\" alt=\"\" class=\"wp-image-7647\" srcset=\"https:\/\/www.public-health-kompakt.ch\/wp-content\/uploads\/2026\/03\/inkubationszeiten_recreated_vector-1024x697.png 1024w, https:\/\/www.public-health-kompakt.ch\/wp-content\/uploads\/2026\/03\/inkubationszeiten_recreated_vector-300x204.png 300w, https:\/\/www.public-health-kompakt.ch\/wp-content\/uploads\/2026\/03\/inkubationszeiten_recreated_vector-768x523.png 768w, https:\/\/www.public-health-kompakt.ch\/wp-content\/uploads\/2026\/03\/inkubationszeiten_recreated_vector-1536x1046.png 1536w, https:\/\/www.public-health-kompakt.ch\/wp-content\/uploads\/2026\/03\/inkubationszeiten_recreated_vector-2048x1394.png 2048w\" sizes=\"auto, (max-width: 1024px) 100vw, 1024px\" \/><\/figure>\n\n\n\n<p>Quelle: Gilles Wandelere, Kathrin M\u00fchlemann.<\/p>\n\n\n\n<h5 class=\"wp-block-heading\">Zeitlicher Verlauf der effektiven Reproduktionsrate R<\/h5>\n\n\n\n<p>Die Abbildung zeigt den zeitlichen Verlauf der effektiven Reproduktionsrate (R; s. Tab. 9.3 im Lehrbuch) einer Infektion innerhalb einer voll empf\u00e4nglichen Population (oben) und einer Population, in der 30% der Personen gegen die Erkrankung immun sind (unten). Die Population besteht in diesem Beispiel aus jeweils 9 Personen. Empf\u00e4ngliche Personen sind grau, infizierte Personen sind rot (mit Kreuz = Indexfall, Ausgangspunkt der Infektion) und immune Personen sind blau eingezeichnet. Bei einer nicht vollempf\u00e4nglichen Population steckt eine einzelne Person eine geringere Zahl an Personen an als in einer vollempf\u00e4nglichen Population.<\/p>\n\n\n\n<figure class=\"wp-block-image aligncenter\"><a href=\"https:\/\/www.public-health-kompakt.ch\/wp-content\/uploads\/2012\/04\/Web-Abb.8.1.1.png\"><img decoding=\"async\" src=\"https:\/\/www.public-health-kompakt.ch\/wp-content\/uploads\/2012\/04\/Web-Abb.8.1.1.png\" alt=\"\" class=\"wp-image-325\" title=\"Web-Abb.8.1.1\"\/><\/a><\/figure>\n\n\n\n<p>Quelle: Gilles Wandelere, Kathrin M\u00fchlemann.<\/p>\n\n\n\n<h4 class=\"wp-block-heading\"><a name=\"ZT\"><\/a>Zus\u00e4tzliche Tabelle<\/h4>\n\n\n\n<p><strong>Die von den Centers for Disease Control and Prevention (CDC, Atlanta, USA) entwickelten und empfohlenen allgemeinen Schritte im Rahmen einer Epidemieabkl\u00e4rung.<\/strong><\/p>\n\n\n\n<blockquote class=\"wp-block-quote is-style-plain is-layout-flow wp-block-quote-is-layout-flow\">\n<ol class=\"wp-block-list\">\n<li>\u00dcberpr\u00fcfung, ob es sich um eine Epidemie handelt<\/li>\n\n\n\n<li>Best\u00e4tigung der Diagnose durch mikrobiologische Untersuchungen<\/li>\n\n\n\n<li>Erstellen einer Falldefinition (klinisch und\/oder mikrobiologisch)<\/li>\n\n\n\n<li>Sammeln von F\u00e4llen und Darstellung in einer Epidemiekurve<\/li>\n\n\n\n<li>Deskriptive Analysen der ersten Daten als Basis f\u00fcr Hypothesen (Punkt 6)<\/li>\n\n\n\n<li>Aufstellung von Hypothesen bez\u00fcglich m\u00f6glicher Ursachen und Infektionsquellen<\/li>\n\n\n\n<li>Evaluierung der Hypothesen mit analytischen Methoden (Beispiel: Fall-Kontroll-Studie)<\/li>\n\n\n\n<li>Durchf\u00fchrung zus\u00e4tzlicher epidemiologischer Umwelt- oder Labor-Studien (Beispiel: Screening m\u00f6glicher Quellen)<\/li>\n\n\n\n<li>Entwicklung und Implementierung von Pr\u00e4ventions- und Kontrollstrategien (Beispiel: Expositionsprophylaxe, Chemoprophylaxe, Impfung)<\/li>\n\n\n\n<li>Kommunikation der Resultate (Beh\u00f6rden, \u00d6ffentlichkeit)<\/li>\n<\/ol>\n<\/blockquote>\n\n\n\n<p><\/p>\n\n\n\n<p><\/p>\n","protected":false},"excerpt":{"rendered":"<p>Philipp Jent, Heimo Lagler, Christian Gatterer, Christian Althaus, Cornelia Staehelin Infektionskrankheiten entstehen durch das Eindringen von pathogenen Mikroorganismen wie Bakterien, Viren, Parasiten oder Pilzen in den menschlichen Organismus. Zentrale Merkmale sind Infektiosit\u00e4t, Pathogenit\u00e4t und Virulenz, die beschreiben, wie leicht ein Erreger \u00fcbertragen wird, ob er Krankheit verursacht und wie schwer der Krankheitsverlauf ist. Das Zusammenspiel [&hellip;]<\/p>\n","protected":false},"author":7,"featured_media":0,"parent":29,"menu_order":0,"comment_status":"closed","ping_status":"closed","template":"","meta":{"footnotes":""},"class_list":["post-322","page","type-page","status-publish","hentry"],"blocksy_meta":[],"_links":{"self":[{"href":"https:\/\/www.public-health-kompakt.ch\/index.php\/wp-json\/wp\/v2\/pages\/322","targetHints":{"allow":["GET"]}}],"collection":[{"href":"https:\/\/www.public-health-kompakt.ch\/index.php\/wp-json\/wp\/v2\/pages"}],"about":[{"href":"https:\/\/www.public-health-kompakt.ch\/index.php\/wp-json\/wp\/v2\/types\/page"}],"author":[{"embeddable":true,"href":"https:\/\/www.public-health-kompakt.ch\/index.php\/wp-json\/wp\/v2\/users\/7"}],"replies":[{"embeddable":true,"href":"https:\/\/www.public-health-kompakt.ch\/index.php\/wp-json\/wp\/v2\/comments?post=322"}],"version-history":[{"count":28,"href":"https:\/\/www.public-health-kompakt.ch\/index.php\/wp-json\/wp\/v2\/pages\/322\/revisions"}],"predecessor-version":[{"id":7663,"href":"https:\/\/www.public-health-kompakt.ch\/index.php\/wp-json\/wp\/v2\/pages\/322\/revisions\/7663"}],"up":[{"embeddable":true,"href":"https:\/\/www.public-health-kompakt.ch\/index.php\/wp-json\/wp\/v2\/pages\/29"}],"wp:attachment":[{"href":"https:\/\/www.public-health-kompakt.ch\/index.php\/wp-json\/wp\/v2\/media?parent=322"}],"curies":[{"name":"wp","href":"https:\/\/api.w.org\/{rel}","templated":true}]}}