{"id":3477,"date":"2017-11-27T08:17:00","date_gmt":"2017-11-27T08:17:00","guid":{"rendered":"https:\/\/www.public-health-kompakt.ch\/?page_id=3477"},"modified":"2026-03-21T16:34:09","modified_gmt":"2026-03-21T16:34:09","slug":"kap-7-7","status":"publish","type":"page","link":"https:\/\/www.public-health-kompakt.ch\/index.php\/kapitel-7\/kap-7-7\/","title":{"rendered":"Kap. 7.7 Arbeit und Gesundheit in der Schweiz"},"content":{"rendered":"\n<blockquote class=\"wp-block-quote is-style-plain is-layout-flow wp-block-quote-is-layout-flow\">\n<p><em>Samuel Iff<\/em><\/p>\n\n\n\n<p>Der Arbeits- und Gesundheitsschutz in der Schweiz basiert auf dem <strong>Arbeitsgesetz (ArG)<\/strong> und dem <strong>Unfallversicherungsgesetz (UVG)<\/strong>. W\u00e4hrend das Arbeitsgesetz den Gesundheitsschutz regelt, betrifft das UVG die Arbeitssicherheit sowie die Verh\u00fctung von Berufs- und Nichtberufsunf\u00e4llen. Eine zentrale Rolle spielt die Suva, erg\u00e4nzt durch weitere Akteure wie die Eidgen\u00f6ssische Koordinationskommission f\u00fcr Arbeitssicherheit (EKAS) und das Staatssekretariat f\u00fcr Wirtschaft.<\/p>\n\n\n\n<p>Ein wichtiges Instrument ist das ASA-System, das den Beizug von Arbeits\u00e4rzt:innen und Spezialist:innen der Arbeitssicherheit vorsieht. Berufskrankheiten sind im UVG definiert und den Berufsunf\u00e4llen gleichgestellt; neben einer offiziellen Liste erm\u00f6glicht eine Generalklausel auch die Anerkennung weiterer arbeitsbedingter Erkrankungen. Erg\u00e4nzend regeln Verordnungen sowie Arbeitsplatzgrenzwerte und arbeitsmedizinische Ma\u00dfnahmen die praktische Umsetzung. Das System ist insgesamt stark pr\u00e4ventiv ausgerichtet.<\/p>\n<\/blockquote>\n\n\n\n<h4 class=\"wp-block-heading\"><a name=\"LQ\"><\/a>Literaturquellen<\/h4>\n\n\n\n<ul class=\"wp-block-list\">\n<li>Gesetze zu <a href=\"https:\/\/www.fedlex.admin.ch\/de\/cc\/internal-law\/8\">Gesundheit \u2013 Arbeit \u2013 Soziale Sicherheit in der Schweiz<\/a>.<\/li>\n\n\n\n<li>Homepage der <a href=\"https:\/\/www.ekas.admin.ch\/index-en.php?frameset=1\">Eidgen\u00f6ssische Koordinationskommission f\u00fcr Arbeitssicherheit EKAS.<\/a><\/li>\n\n\n\n<li>Homepage der Suva zum Thema <a href=\"https:\/\/www.suva.ch\/de-ch\/praevention\/beratung-kurse-und-angebote\/arbeitsmedizin\">Arbeitsmedizinischer Auftrag bei Berufskrankheiten<\/a>.<\/li>\n\n\n\n<li>SECO. <a href=\"https:\/\/www.seco.admin.ch\/seco\/de\/home\/Arbeit\/Arbeitsbedingungen\/gesundheitsschutz-am-arbeitsplatz.html\">Gesundheitsschutz am Arbeitsplatz<\/a>.<\/li>\n\n\n\n<li>Informationen zum Arbeitsgesetz, sowie Richtlinien und Studien zu arbeitsbezogenen Gesundheitsrisiken finden sich auf der Website des <em>SECO<\/em> im Bereich \u201e<a href=\"https:\/\/www.seco.admin.ch\/seco\/de\/home\/Arbeit.html\">Arbeit<\/a>\u201c.<\/li>\n<\/ul>\n\n\n\n<p><\/p>\n","protected":false},"excerpt":{"rendered":"<p>Samuel Iff Der Arbeits- und Gesundheitsschutz in der Schweiz basiert auf dem Arbeitsgesetz (ArG) und dem Unfallversicherungsgesetz (UVG). W\u00e4hrend das Arbeitsgesetz den Gesundheitsschutz regelt, betrifft das UVG die Arbeitssicherheit sowie die Verh\u00fctung von Berufs- und Nichtberufsunf\u00e4llen. Eine zentrale Rolle spielt die Suva, erg\u00e4nzt durch weitere Akteure wie die Eidgen\u00f6ssische Koordinationskommission f\u00fcr Arbeitssicherheit (EKAS) und das [&hellip;]<\/p>\n","protected":false},"author":7,"featured_media":0,"parent":24,"menu_order":0,"comment_status":"closed","ping_status":"closed","template":"","meta":{"footnotes":""},"class_list":["post-3477","page","type-page","status-publish","hentry"],"blocksy_meta":[],"_links":{"self":[{"href":"https:\/\/www.public-health-kompakt.ch\/index.php\/wp-json\/wp\/v2\/pages\/3477","targetHints":{"allow":["GET"]}}],"collection":[{"href":"https:\/\/www.public-health-kompakt.ch\/index.php\/wp-json\/wp\/v2\/pages"}],"about":[{"href":"https:\/\/www.public-health-kompakt.ch\/index.php\/wp-json\/wp\/v2\/types\/page"}],"author":[{"embeddable":true,"href":"https:\/\/www.public-health-kompakt.ch\/index.php\/wp-json\/wp\/v2\/users\/7"}],"replies":[{"embeddable":true,"href":"https:\/\/www.public-health-kompakt.ch\/index.php\/wp-json\/wp\/v2\/comments?post=3477"}],"version-history":[{"count":37,"href":"https:\/\/www.public-health-kompakt.ch\/index.php\/wp-json\/wp\/v2\/pages\/3477\/revisions"}],"predecessor-version":[{"id":7257,"href":"https:\/\/www.public-health-kompakt.ch\/index.php\/wp-json\/wp\/v2\/pages\/3477\/revisions\/7257"}],"up":[{"embeddable":true,"href":"https:\/\/www.public-health-kompakt.ch\/index.php\/wp-json\/wp\/v2\/pages\/24"}],"wp:attachment":[{"href":"https:\/\/www.public-health-kompakt.ch\/index.php\/wp-json\/wp\/v2\/media?parent=3477"}],"curies":[{"name":"wp","href":"https:\/\/api.w.org\/{rel}","templated":true}]}}