{"id":3482,"date":"2017-11-27T08:21:15","date_gmt":"2017-11-27T08:21:15","guid":{"rendered":"https:\/\/www.public-health-kompakt.ch\/?page_id=3482"},"modified":"2026-03-23T15:46:25","modified_gmt":"2026-03-23T15:46:25","slug":"kap-7-6","status":"publish","type":"page","link":"https:\/\/www.public-health-kompakt.ch\/index.php\/kapitel-7\/kap-7-6\/","title":{"rendered":"Kap. 7.6 Arbeit und Gesundheit in \u00d6sterreich"},"content":{"rendered":"\n<blockquote class=\"wp-block-quote is-style-plain is-layout-flow wp-block-quote-is-layout-flow\">\n<p><em>Karl Hochgatterer<\/em><\/p>\n\n\n\n<p>Der Arbeitnehmer:innenschutz in \u00d6sterreich basiert auf dem <strong>Arbeitnehmerschutzgesetz (ASchG)<\/strong>, das alle Betriebe zur Umsetzung von Ma\u00dfnahmen zum Schutz von Sicherheit und Gesundheit verpflichtet. Dazu geh\u00f6rt insbesondere die <strong>arbeitsmedizinische Betreuung<\/strong>, deren Umfang sich nach der Betriebsgr\u00f6\u00dfe richtet und die gemeinsam mit Sicherheitsfachkr\u00e4ften organisiert wird. Eine zentrale Rolle spielt die <strong>Allgemeine Unfallversicherungsanstalt (AUVA)<\/strong>, die neben der Entsch\u00e4digung auch umfassende Pr\u00e4ventionsangebote bereitstellt und insbesondere Kleinbetriebe unterst\u00fctzt.<\/p>\n\n\n\n<p>Berufskrankheiten sind im <strong>Allgemeines Sozialversicherungsgesetz (ASVG)<\/strong> geregelt und in einer offiziellen Liste erfasst, die 2024 im Zuge eines Modernisierungsgesetzes erweitert wurde. Zus\u00e4tzlich erm\u00f6glicht eine Generalklausel die Anerkennung weiterer arbeitsbedingter Erkrankungen.<\/p>\n\n\n\n<p>Das System ist stark pr\u00e4ventiv ausgerichtet und umfasst neben arbeitsmedizinischer Vorsorge auch spezielle Schutzbestimmungen f\u00fcr Jugendliche und Schwangere. Herausforderungen bestehen insbesondere im Mangel an Fach\u00e4rzt:innen f\u00fcr Arbeitsmedizin und in der begrenzten akademischen Verankerung des Fachs.<\/p>\n\n\n\n<h4 class=\"wp-block-heading\"><a name=\"LQ\"><\/a>Literaturquellen<\/h4>\n<\/blockquote>\n\n\n\n<ul class=\"wp-block-list\">\n<li>AK Ober\u00f6sterreich. <a href=\"https:\/\/ooe.arbeiterkammer.at\/beratung\/arbeitundgesundheit\/gesund_im_betrieb\/Was_machen_Praeventivfachkraefte_.html\">Pr\u00e4ventivfachkr\u00e4fte als Ansprechpartner\/-innen f\u00fcr Sicherheit und Gesundheit<\/a>.<\/li>\n\n\n\n<li>Allgemeine Unfallversicherungsanstalt (AUVA) &#8211; Soziale Unfallversicherung. <a href=\"https:\/\/www.arbeitsinspektion.gv.at\/Gesundheit_im_Betrieb\/Berufskrankheiten\/Berufskrankheiten.html\">Berufskrankheiten<\/a> (mit Liste der Berufskrankheiten).<\/li>\n\n\n\n<li>Bundesregierung. <a href=\"https:\/\/www.ris.bka.gv.at\/GeltendeFassung.wxe?Abfrage=Bundesnormen&amp;Gesetzesnummer=20000348\">Rechtsvorschrift f\u00fcr Gesundheits\u00fcberwachung am Arbeitsplatz<\/a>, Fassung vom 28.11.2017.<\/li>\n\n\n\n<li>Sozialministerium &#8211; Arbeitsinspektion. <a href=\"https:\/\/www.arbeitsinspektion.gv.at\/inspektorat\">Die Arbeitsinspektion<\/a>.<\/li>\n\n\n\n<li><a href=\"https:\/\/gamed.at\/\">\u00d6sterreichische Gesellschaft f\u00fcr Arbeitsmedizin<\/a>.<\/li>\n<\/ul>\n\n\n\n<p><\/p>\n","protected":false},"excerpt":{"rendered":"<p>Karl Hochgatterer Der Arbeitnehmer:innenschutz in \u00d6sterreich basiert auf dem Arbeitnehmerschutzgesetz (ASchG), das alle Betriebe zur Umsetzung von Ma\u00dfnahmen zum Schutz von Sicherheit und Gesundheit verpflichtet. Dazu geh\u00f6rt insbesondere die arbeitsmedizinische Betreuung, deren Umfang sich nach der Betriebsgr\u00f6\u00dfe richtet und die gemeinsam mit Sicherheitsfachkr\u00e4ften organisiert wird. Eine zentrale Rolle spielt die Allgemeine Unfallversicherungsanstalt (AUVA), die neben [&hellip;]<\/p>\n","protected":false},"author":7,"featured_media":0,"parent":24,"menu_order":0,"comment_status":"closed","ping_status":"closed","template":"","meta":{"footnotes":""},"class_list":["post-3482","page","type-page","status-publish","hentry"],"blocksy_meta":[],"_links":{"self":[{"href":"https:\/\/www.public-health-kompakt.ch\/index.php\/wp-json\/wp\/v2\/pages\/3482","targetHints":{"allow":["GET"]}}],"collection":[{"href":"https:\/\/www.public-health-kompakt.ch\/index.php\/wp-json\/wp\/v2\/pages"}],"about":[{"href":"https:\/\/www.public-health-kompakt.ch\/index.php\/wp-json\/wp\/v2\/types\/page"}],"author":[{"embeddable":true,"href":"https:\/\/www.public-health-kompakt.ch\/index.php\/wp-json\/wp\/v2\/users\/7"}],"replies":[{"embeddable":true,"href":"https:\/\/www.public-health-kompakt.ch\/index.php\/wp-json\/wp\/v2\/comments?post=3482"}],"version-history":[{"count":32,"href":"https:\/\/www.public-health-kompakt.ch\/index.php\/wp-json\/wp\/v2\/pages\/3482\/revisions"}],"predecessor-version":[{"id":7255,"href":"https:\/\/www.public-health-kompakt.ch\/index.php\/wp-json\/wp\/v2\/pages\/3482\/revisions\/7255"}],"up":[{"embeddable":true,"href":"https:\/\/www.public-health-kompakt.ch\/index.php\/wp-json\/wp\/v2\/pages\/24"}],"wp:attachment":[{"href":"https:\/\/www.public-health-kompakt.ch\/index.php\/wp-json\/wp\/v2\/media?parent=3482"}],"curies":[{"name":"wp","href":"https:\/\/api.w.org\/{rel}","templated":true}]}}