{"id":509,"date":"2012-04-28T19:59:52","date_gmt":"2012-04-28T19:59:52","guid":{"rendered":"http:\/\/public-health-kompakt.frappant.ch\/?page_id=509"},"modified":"2026-03-23T15:41:57","modified_gmt":"2026-03-23T15:41:57","slug":"kap-2-4","status":"publish","type":"page","link":"https:\/\/www.public-health-kompakt.ch\/index.php\/kapitel-2\/kap-2-4\/","title":{"rendered":"Kap. 2.4 Sozialwissenschaftliche Methoden"},"content":{"rendered":"\n<p><em>Sofia Zambrano, Annika Frahsa<\/em><\/p>\n\n\n\n<blockquote class=\"wp-block-quote is-style-plain is-layout-flow wp-block-quote-is-layout-flow\">\n<p>Dieser Abschnitt des Lehrbuchs gibt einen \u00dcberblick \u00fcber zentrale Methoden der sozialwissenschaftlichen Gesundheitsforschung und ihre Bedeutung f\u00fcr Public Health. Es zeigt, wie quantitative Verfahren \u2013 insbesondere standardisierte Befragungen (Surveys) \u2013 eingesetzt werden, um Wissen, Einstellungen, Wahrnehmungen und Verhaltensweisen in Bev\u00f6lkerungen systematisch zu erfassen und statistisch auszuwerten. Dabei werden Aspekte der Fragebogenkonstruktion, Stichprobenziehung, Erhebungsmodi (z. B. pers\u00f6nlich, telefonisch, schriftlich, online) sowie der quantitativen Datenanalyse erl\u00e4utert. Weiter stellt das Kapitel qualitative Methoden wie Interviews, Fokusgruppen, Beobachtungen und Fallstudien vor, die ein vertieftes Verst\u00e4ndnis von Erfahrungen, Bedeutungen und sozialen Kontexten von Gesundheit und Krankheit erm\u00f6glichen. Abschlie\u00dfend werden multimethodische Ans\u00e4tze (Mixed Methods) sowie zentrale Herausforderungen der sozialwissenschaftlichen Gesundheitsforschung diskutiert, etwa Selektionsverzerrungen und der Umgang mit schwer erreichbaren Bev\u00f6lkerungsgruppen. Insgesamt verdeutlicht das Kapitel, warum fundierte Kenntnisse sozialwissenschaftlicher Methoden eine Voraussetzung f\u00fcr die Beurteilung und Durchf\u00fchrung von Public-Health-Studien sind.<\/p>\n\n\n\n<p><strong>Auf dieser Seite finden Sie Hinweise zu empfohlener Vertiefungsliteratur, Beispiele f\u00fcr Frageb\u00f6gen sowie weiterf\u00fchrende Internetquellen zum Thema.<\/strong><\/p>\n<\/blockquote>\n\n\n\n<h4 class=\"wp-block-heading\">Vertiefungsliteratur (Deutsch)<\/h4>\n\n\n\n<figure class=\"wp-block-image size-large is-resized\"><img loading=\"lazy\" decoding=\"async\" width=\"728\" height=\"1024\" src=\"https:\/\/www.public-health-kompakt.ch\/wp-content\/uploads\/2026\/01\/image-9-728x1024.png\" alt=\"\" class=\"wp-image-6733\" style=\"width:289px;height:auto\" srcset=\"https:\/\/www.public-health-kompakt.ch\/wp-content\/uploads\/2026\/01\/image-9-728x1024.png 728w, https:\/\/www.public-health-kompakt.ch\/wp-content\/uploads\/2026\/01\/image-9-213x300.png 213w, https:\/\/www.public-health-kompakt.ch\/wp-content\/uploads\/2026\/01\/image-9-768x1081.png 768w, https:\/\/www.public-health-kompakt.ch\/wp-content\/uploads\/2026\/01\/image-9.png 800w\" sizes=\"auto, (max-width: 728px) 100vw, 728px\" \/><\/figure>\n\n\n\n<ul class=\"wp-block-list\">\n<li>Schnell R, Hill PB, Esser E. <a href=\"https:\/\/www.degruyterbrill.com\/document\/isbn\/9783110752991\/html\">Methoden der empirischen Sozialforschung<\/a>. 12. Auflage. Berlin Boston: De Gruyter Oldenbourg; 2023. 545 p.<\/li>\n\n\n\n<li>Baur N, Blasius J, editors. <a href=\"https:\/\/link.springer.com\/book\/10.1007\/978-3-658-37985-8\">Handbuch Methoden der empirischen Sozialforschung<\/a>. Band 2. In: 3., vollst\u00e4ndig \u00fcberarbeitete und erweiterte Auflage. Wiesbaden, Germany: Springer VS; 2022.<\/li>\n\n\n\n<li>Neubauer S, Zeidler J, Lange A, Schulenburg JM von der. <a href=\"https:\/\/www.nomos-shop.de\/de\/p\/prozessorientierter-leitfaden-fuer-die-analyse-und-nutzung-von-routinedaten-der-gesetzlichen-krankenversicherung-gr-978-3-8487-3776-5\">Prozessorientierter Leitfaden f\u00fcr die Analyse und Nutzung von Routinedaten der Gesetzlichen Krankenversicherung<\/a>. 1. Auflage. Baden-Baden: Nomos Verlagsgesellschaft mbH &amp; Co. KG; 2017. <\/li>\n\n\n\n<li>Krell C, Lamnek S. <a href=\"https:\/\/www.beltz.de\/fachmedien\/psychologie\/produkte\/details\/51914-qualitative-sozialforschung.html\">Qualitative Sozialforschung: Mit Online-Material<\/a>. Originalausgabe. Weinheim: Julius Beltz GmbH &amp; Co. KG; 2024. 778 p.<\/li>\n\n\n\n<li>Porst R. <a href=\"https:\/\/link.springer.com\/book\/10.1007\/978-3-658-02118-4\">Fragebogen: ein Arbeitsbuch<\/a>. 13th, 4. Aufl ed. Wiesbaden: VS-Verl; 2014.<\/li>\n\n\n\n<li>Jellen J, Ohlbrecht H, Seltrecht A, editors. <a href=\"https:\/\/link.springer.com\/referencework\/10.1007\/978-3-662-68848-9\">Qualitative Gesundheitsforschung: ein kritisches Handbuch<\/a>. Berlin: Springer; 2025.<\/li>\n\n\n\n<li>H\u00e4der M. <a href=\"https:\/\/tu-dresden.de\/gsw\/phil\/iso\/aktuelles\/forschung\/Haeder-M-2014-Delphi-Befragungen-Ein-Arbeitsbuch\">Delphi-Befragungen: Ein Arbeitsbuch<\/a>. 3. Aufl. 2014. Wiesbaden: Springer VS; 2014. 244 p. <\/li>\n\n\n\n<li>Swart E, editor. <a href=\"https:\/\/www.hogrefe.com\/de\/shop\/routinedaten-im-gesundheitswesen-71615.html\">Routinedaten im Gesundheitswesen: Handbuch Sekund\u00e4rdatenanalyse: Grundlagen, Methoden und Perspektiven<\/a>. 2., vollst. \u00fcberarb. und erw. Aufl. s.l.: Verlag Hans Huber \/ Hogrefe; 2014. 532 p. <\/li>\n<\/ul>\n\n\n\n<h4 class=\"wp-block-heading\">Vertiefungsliteratur (Englisch)<\/h4>\n\n\n\n<figure class=\"wp-block-image size-full is-resized\"><img loading=\"lazy\" decoding=\"async\" width=\"180\" height=\"270\" src=\"https:\/\/www.public-health-kompakt.ch\/wp-content\/uploads\/2026\/01\/image-10.png\" alt=\"\" class=\"wp-image-6734\" style=\"width:220px;height:auto\"\/><\/figure>\n\n\n\n<ul class=\"wp-block-list\">\n<li>Dillman DA, Smyth JD, Christian LM. <a href=\"https:\/\/www.wiley.com\/en-fr\/Internet%2C+Phone%2C+Mail%2C+and+Mixed-Mode+Surveys%3A+The+Tailored+Design+Method%2C+4th+Edition-p-9781118456149\">Internet, phone, mail, and mixed-mode surveys: the tailored design method<\/a>. 4. ed. Hoboken, New Jersey: Wiley; 2015.<\/li>\n\n\n\n<li>Tourangeau R. <a href=\"https:\/\/www.cambridge.org\/core\/books\/psychology-of-survey-response\/46DE3D6F7C1399BCDC78D9441C630372\">Psychology of Survey Response<\/a>. 1st ed. West Nyack: Cambridge University Press; 2000.<\/li>\n\n\n\n<li>Tourangeau R, Conrad FG, Couper M. <a href=\"https:\/\/global.oup.com\/academic\/product\/the-science-of-web-surveys-9780199747047?cc=ch&amp;lang=en&amp;\">The science of web surveys<\/a>. Oxford New York: Oxford University Press; 2013. <\/li>\n\n\n\n<li>Pope C, Mays N, editors. <a href=\"https:\/\/www.wiley.com\/en-be\/Qualitative+Research+in+Health+Care%2C+4th+Edition-p-9781119410836\">Qualitative research in health care<\/a>. Fourth edition. Hoboken: Wiley-Blackwell; 2020.<\/li>\n\n\n\n<li>Braun V, Clarke V. <a href=\"https:\/\/uk.sagepub.com\/en-gb\/eur\/thematic-analysis\/book248481\">Thematic analysis: a practical guide<\/a>. Los Angeles London New Delhi Singapore Washington DC Melbourne: SAGE; 2022. 338 p.<\/li>\n\n\n\n<li>Teddlie C, Takashori,A. <a href=\"https:\/\/insuriponorogo.ac.id\/digilib-pps\/file_buku\/d859108c4e953a65c0b7d71e1e1d0e21.pdf\">Foundations of mixed methods research. Integrating quantitative and qualitative approaches in the social and behavioral sciences<\/a>. Los Angeles: Sage, 2009<\/li>\n\n\n\n<li>Willis GB. <a href=\"https:\/\/methods.sagepub.com\/book\/mono\/cognitive-interviewing\/toc\">Cognitive Interviewing<\/a>. A tool for improving questionnaire design. Thousand Oaks: Sage, 2005<\/li>\n<\/ul>\n\n\n\n<h4 class=\"wp-block-heading\">Akademische Artikel<\/h4>\n\n\n\n<ul class=\"wp-block-list\">\n<li>Blair J, Conrad FG. <a href=\"https:\/\/academic.oup.com\/poq\/article\/75\/4\/636\/1821509\">Sample Size for Cognitive Interview Pretesting<\/a>. <em>Public Opinion Quarterly<\/em> 2011; 75(4): 636-658<\/li>\n\n\n\n<li>Fricker S, Galesic M, Tourangeau R, Yan T. <a href=\"https:\/\/www.sciencedirect.com\/science\/article\/pii\/S0895435610001174?via%3Dihub\">An Experimental Comparison of Web and Telephone Surveys<\/a>. <em>Public Opinion Quarterly <\/em>2005; 69(3): 370-392<\/li>\n\n\n\n<li>Garratt AM, Helgeland J, Gulbrandsen P. <a href=\"https:\/\/pubmed.ncbi.nlm.nih.gov\/20566267\/\">Five-point scales outperform 10-point scales in a randomized comparison of item scaling for the Patient Experiences Questionnaire<\/a>. <em>Journal of Clinical Epidemiology <\/em>2011; 64(2):200-207<\/li>\n\n\n\n<li>Groves RM, Lyberg L. <a href=\"https:\/\/academic.oup.com\/poq\/article\/74\/5\/849\/1817502\">Total survey error: Past, present, and future<\/a>. <em>Public Opinion Quarterly <\/em>2010; 74: 849-879<\/li>\n\n\n\n<li>Kurz, K., Pr\u00fcfer, P., &amp; Rexroth, M. (1999). <a href=\"https:\/\/www.ssoar.info\/ssoar\/handle\/document\/20819?style=endnote\">Zur Validit\u00e4t von Fragen in standardisierten Erhebungen. Ergebnisse des Einsatzes eines kognitiven Pretestinterviews.<\/a>\u00a0<em>In ZUMA-Nachrichten, 44, 83-107, 1999<\/em><\/li>\n\n\n\n<li>Moors G, Kieruj ND, Vermunt JK. <a href=\"https:\/\/www.asanet.org\/wp-content\/uploads\/attach\/journals\/sm2014feature.pdf\">The Effect of Labeling and Numbering of Response Scales on the Likelihood of Response Bias<\/a>. <em>Sociological Methodology<\/em>. 2014 Aug;44(1):369\u201399.<\/li>\n\n\n\n<li>Pforr K, Blohm M, et al. <a href=\"https:\/\/www.ssoar.info\/ssoar\/bitstream\/handle\/document\/58656\/ssoar-2015-3-pforr_et_al-Are_incentive_effects_on_response.pdf?sequence=3&amp;isAllowed=y\">Are Incentive Effects on Response Rates and Nonresponse Bias in Large-scale, Face-to-face Surveys Generalizable to Germany? Evidence from Ten Experiments<\/a>. Public Opinion Quarterly 2015; 79 (3): 740-768<\/li>\n\n\n\n<li>Olson K. <a href=\"https:\/\/academic.oup.com\/poq\/article\/70\/5\/737\/4084448\">Survey Participation, Nonresponse Bias, Measurement Error Bias, and Total Bias<\/a>. Public Opinion Quarterly 2006; 70(5): 737-758.<\/li>\n<\/ul>\n\n\n\n<h4 class=\"wp-block-heading\"><a name=\"IZT\"><\/a>Software<\/h4>\n\n\n\n<p>Freie Software zur Datenanalyse finden Sie unter<\/p>\n\n\n\n<ul class=\"wp-block-list\">\n<li><a href=\"http:\/\/www.r-project.org\/\">The R Project for Statistical Computing<\/a><\/li>\n\n\n\n<li><a href=\"http:\/\/www.epidata.dk\/download.php\">EpiData Analysis<\/a><\/li>\n\n\n\n<li><a href=\"https:\/\/jasp-stats.org\/\">JASP<\/a><\/li>\n<\/ul>\n\n\n\n<p>Software zur qualitativen Datenanalyse (kostenpflichtig!; Sonderkonditionen f\u00fcr Studierende)<\/p>\n\n\n\n<ul class=\"wp-block-list\">\n<li><a href=\"http:\/\/www.atlasti.com\/de\/\">Atlas.ti<\/a> &#8211; Qualitative data analysis<\/li>\n<\/ul>\n\n\n\n<p>Frei zug\u00e4ngliche Zeitschrift in englischer Sprache zu Forschungsmethoden, herausgegeben von GESIS &#8211; Leibniz-Institut f\u00fcr Sozialwissenschaften<\/p>\n\n\n\n<ul class=\"wp-block-list\">\n<li><a href=\"https:\/\/mda.gesis.org\/index.php\/mda\/index\">mda Methods, Data, Analyses<\/a><\/li>\n<\/ul>\n\n\n\n<p>Zeitschrift (kostenpflichtig) zu den neuesten Entwicklungen der Surveyforschung<\/p>\n\n\n\n<ul class=\"wp-block-list\">\n<li><a href=\"https:\/\/academic.oup.com\/poq\">Public Opinion Quarterly<\/a>, Oxford University Press<\/li>\n<\/ul>\n\n\n\n<h4 class=\"wp-block-heading\">Beispiele von Frageb\u00f6gen<\/h4>\n\n\n\n<ul class=\"wp-block-list\">\n<li><a href=\"https:\/\/share-eric.eu\/fileadmin\/user_upload\/Questionnaires\/Q-Wave_1\/Generic_do-main.pdf\">The Survey of Health, Ageing and Retirement in Europe<\/a><\/li>\n\n\n\n<li><a href=\"https:\/\/www.psykiatri-regionh.dk\/who-5\/who-5-questionnaires\/Pages\/default.aspx\">WHO (Five) Well-being Index (WHO-Five, WHO-5, or WBI)<\/a><\/li>\n\n\n\n<li><a href=\"https:\/\/ec.europa.eu\/eurostat\/web\/microdata\/european-health-interview-survey\">European health interview survey<\/a><\/li>\n\n\n\n<li><a href=\"https:\/\/www.who.int\/teams\/noncommunicable-diseases\/surveillance\/systems-tools\/global-adult-tobacco-survey\">Global Adult Tobacco Survey<\/a><\/li>\n<\/ul>\n\n\n\n<p><\/p>\n","protected":false},"excerpt":{"rendered":"<p>Sofia Zambrano, Annika Frahsa Dieser Abschnitt des Lehrbuchs gibt einen \u00dcberblick \u00fcber zentrale Methoden der sozialwissenschaftlichen Gesundheitsforschung und ihre Bedeutung f\u00fcr Public Health. Es zeigt, wie quantitative Verfahren \u2013 insbesondere standardisierte Befragungen (Surveys) \u2013 eingesetzt werden, um Wissen, Einstellungen, Wahrnehmungen und Verhaltensweisen in Bev\u00f6lkerungen systematisch zu erfassen und statistisch auszuwerten. Dabei werden Aspekte der Fragebogenkonstruktion, [&hellip;]<\/p>\n","protected":false},"author":7,"featured_media":0,"parent":16,"menu_order":0,"comment_status":"closed","ping_status":"closed","template":"","meta":{"footnotes":""},"class_list":["post-509","page","type-page","status-publish","hentry"],"blocksy_meta":[],"_links":{"self":[{"href":"https:\/\/www.public-health-kompakt.ch\/index.php\/wp-json\/wp\/v2\/pages\/509","targetHints":{"allow":["GET"]}}],"collection":[{"href":"https:\/\/www.public-health-kompakt.ch\/index.php\/wp-json\/wp\/v2\/pages"}],"about":[{"href":"https:\/\/www.public-health-kompakt.ch\/index.php\/wp-json\/wp\/v2\/types\/page"}],"author":[{"embeddable":true,"href":"https:\/\/www.public-health-kompakt.ch\/index.php\/wp-json\/wp\/v2\/users\/7"}],"replies":[{"embeddable":true,"href":"https:\/\/www.public-health-kompakt.ch\/index.php\/wp-json\/wp\/v2\/comments?post=509"}],"version-history":[{"count":55,"href":"https:\/\/www.public-health-kompakt.ch\/index.php\/wp-json\/wp\/v2\/pages\/509\/revisions"}],"predecessor-version":[{"id":7003,"href":"https:\/\/www.public-health-kompakt.ch\/index.php\/wp-json\/wp\/v2\/pages\/509\/revisions\/7003"}],"up":[{"embeddable":true,"href":"https:\/\/www.public-health-kompakt.ch\/index.php\/wp-json\/wp\/v2\/pages\/16"}],"wp:attachment":[{"href":"https:\/\/www.public-health-kompakt.ch\/index.php\/wp-json\/wp\/v2\/media?parent=509"}],"curies":[{"name":"wp","href":"https:\/\/api.w.org\/{rel}","templated":true}]}}