{"id":6291,"date":"2025-12-11T16:31:11","date_gmt":"2025-12-11T16:31:11","guid":{"rendered":"https:\/\/www.public-health-kompakt.ch\/?page_id=6291"},"modified":"2026-02-13T17:34:09","modified_gmt":"2026-02-13T17:34:09","slug":"kap-1-1","status":"publish","type":"page","link":"https:\/\/www.public-health-kompakt.ch\/index.php\/kapitel-1\/kap-1-1\/","title":{"rendered":"Kap. 1.1 Definition"},"content":{"rendered":"\n<p><em><em>Matthias Egger, Oliver Razum, Anita Rieder, Lukas Fenner, Lotte Habermann-Horstmeier<\/em><\/em><\/p>\n\n\n\n<p>Public Health bezeichnet eine von der Gesellschaft organisierte, gemeinsame Anstrengung mit dem Ziel, die Gesundheit der gesamten Bev\u00f6lkerung oder bestimmter Bev\u00f6lkerungsgruppen zu erhalten und zu f\u00f6rdern, Krankheiten und Invalidit\u00e4t zu vermeiden sowie pr\u00e4ventive, kurative und rehabilitative Versorgungsleistungen sicherzustellen. Im Gegensatz zur kurativen Individualmedizin richtet sich Public Health nicht auf einzelne Patient:innen, sondern auf Bev\u00f6lkerungen und Bev\u00f6lkerungsgruppen. Im deutschsprachigen Raum wird auch der Begriff \u201e\u00f6ffentliche Gesundheitspflege\u201c verwendet; der Begriff \u201eVolksgesundheit\u201c gilt aufgrund seiner historischen Belastung als ungeeignet. Daher ist der englische Begriff \u201ePublic Health\u201c auch im Deutschen gebr\u00e4uchlich.<\/p>\n\n\n\n<h4 class=\"wp-block-heading\">Weiterf\u00fchrende Literatur<\/h4>\n\n\n\n<p><\/p>\n\n\n\n<ul class=\"wp-block-list\">\n<li><strong>Winslow, C.-E. A. (1920).<\/strong> <a href=\"https:\/\/doi.org\/10.1126\/science.51.1306.23\">The Untilled Fields of Public Health<\/a><em>.<\/em> Science, 51(1306), 23\u201333.<br>Klassische, viel zitierte Definition von Public Health als Wissenschaft und Kunst der Krankheitsverh\u00fctung und Gesundheitsf\u00f6rderung.<\/li>\n\n\n\n<li><strong>Acheson, D. (1988).<\/strong> <a href=\"https:\/\/www.fph.org.uk\/media\/3475\/acheson-1988.pdf\">Public health in England: The report of the Committee of Inquiry into the Future Development of the Public Health Function<\/a><em>.<\/em> London: HMSO.<\/li>\n\n\n\n<li><strong>Faculty of Public Health. What is Public Health? <\/strong>Available from: <a href=\"https:\/\/www.fph.org.uk\/what-is-public-health\/\" target=\"_blank\" rel=\"noreferrer noopener\">Link<\/a><br>Youtube video mit moderner Definition von Public Health<\/li>\n<\/ul>\n\n\n\n<figure class=\"wp-block-image size-large is-resized\"><img loading=\"lazy\" decoding=\"async\" width=\"1024\" height=\"606\" src=\"https:\/\/www.public-health-kompakt.ch\/wp-content\/uploads\/2026\/01\/image-14-1024x606.png\" alt=\"\" class=\"wp-image-6772\" style=\"aspect-ratio:1.6897937630181594;width:457px;height:auto\" srcset=\"https:\/\/www.public-health-kompakt.ch\/wp-content\/uploads\/2026\/01\/image-14-1024x606.png 1024w, https:\/\/www.public-health-kompakt.ch\/wp-content\/uploads\/2026\/01\/image-14-300x178.png 300w, https:\/\/www.public-health-kompakt.ch\/wp-content\/uploads\/2026\/01\/image-14-768x454.png 768w, https:\/\/www.public-health-kompakt.ch\/wp-content\/uploads\/2026\/01\/image-14.png 1068w\" sizes=\"auto, (max-width: 1024px) 100vw, 1024px\" \/><\/figure>\n\n\n\n<p><\/p>\n\n\n\n<p><\/p>\n\n\n\n<p><\/p>\n\n\n\n<p><\/p>\n","protected":false},"excerpt":{"rendered":"<p>Matthias Egger, Oliver Razum, Anita Rieder, Lukas Fenner, Lotte Habermann-Horstmeier Public Health bezeichnet eine von der Gesellschaft organisierte, gemeinsame Anstrengung mit dem Ziel, die Gesundheit der gesamten Bev\u00f6lkerung oder bestimmter Bev\u00f6lkerungsgruppen zu erhalten und zu f\u00f6rdern, Krankheiten und Invalidit\u00e4t zu vermeiden sowie pr\u00e4ventive, kurative und rehabilitative Versorgungsleistungen sicherzustellen. Im Gegensatz zur kurativen Individualmedizin richtet sich [&hellip;]<\/p>\n","protected":false},"author":7,"featured_media":0,"parent":14,"menu_order":0,"comment_status":"closed","ping_status":"closed","template":"","meta":{"footnotes":""},"class_list":["post-6291","page","type-page","status-publish","hentry"],"blocksy_meta":[],"_links":{"self":[{"href":"https:\/\/www.public-health-kompakt.ch\/index.php\/wp-json\/wp\/v2\/pages\/6291","targetHints":{"allow":["GET"]}}],"collection":[{"href":"https:\/\/www.public-health-kompakt.ch\/index.php\/wp-json\/wp\/v2\/pages"}],"about":[{"href":"https:\/\/www.public-health-kompakt.ch\/index.php\/wp-json\/wp\/v2\/types\/page"}],"author":[{"embeddable":true,"href":"https:\/\/www.public-health-kompakt.ch\/index.php\/wp-json\/wp\/v2\/users\/7"}],"replies":[{"embeddable":true,"href":"https:\/\/www.public-health-kompakt.ch\/index.php\/wp-json\/wp\/v2\/comments?post=6291"}],"version-history":[{"count":15,"href":"https:\/\/www.public-health-kompakt.ch\/index.php\/wp-json\/wp\/v2\/pages\/6291\/revisions"}],"predecessor-version":[{"id":6969,"href":"https:\/\/www.public-health-kompakt.ch\/index.php\/wp-json\/wp\/v2\/pages\/6291\/revisions\/6969"}],"up":[{"embeddable":true,"href":"https:\/\/www.public-health-kompakt.ch\/index.php\/wp-json\/wp\/v2\/pages\/14"}],"wp:attachment":[{"href":"https:\/\/www.public-health-kompakt.ch\/index.php\/wp-json\/wp\/v2\/media?parent=6291"}],"curies":[{"name":"wp","href":"https:\/\/api.w.org\/{rel}","templated":true}]}}